{"version":"1.0","provider_name":"Moderaterna i Halland","provider_url":"https:\/\/moderaterna.se\/halland","author_name":"Emanuel Berenett","author_url":"https:\/\/moderaterna.se\/halland\/author\/emanuelberenett\/","title":"Kenneth Camitz","type":"rich","width":600,"height":338,"html":"<blockquote class=\"wp-embedded-content\" data-secret=\"ViVMAuSqkQ\"><a href=\"https:\/\/moderaterna.se\/halland\/politiker\/kenneth-camitz\/\">Kenneth Camitz<\/a><\/blockquote><iframe sandbox=\"allow-scripts\" security=\"restricted\" src=\"https:\/\/moderaterna.se\/halland\/politiker\/kenneth-camitz\/embed\/#?secret=ViVMAuSqkQ\" width=\"600\" height=\"338\" title=\"\u201dKenneth Camitz\u201d &ndash; Moderaterna i Halland\" data-secret=\"ViVMAuSqkQ\" frameborder=\"0\" marginwidth=\"0\" marginheight=\"0\" scrolling=\"no\" class=\"wp-embedded-content\"><\/iframe><script>\n\/*! This file is auto-generated *\/\n!function(d,l){\"use strict\";l.querySelector&&d.addEventListener&&\"undefined\"!=typeof URL&&(d.wp=d.wp||{},d.wp.receiveEmbedMessage||(d.wp.receiveEmbedMessage=function(e){var t=e.data;if((t||t.secret||t.message||t.value)&&!\/[^a-zA-Z0-9]\/.test(t.secret)){for(var s,r,n,a=l.querySelectorAll('iframe[data-secret=\"'+t.secret+'\"]'),o=l.querySelectorAll('blockquote[data-secret=\"'+t.secret+'\"]'),c=new RegExp(\"^https?:$\",\"i\"),i=0;i<o.length;i++)o[i].style.display=\"none\";for(i=0;i<a.length;i++)s=a[i],e.source===s.contentWindow&&(s.removeAttribute(\"style\"),\"height\"===t.message?(1e3<(r=parseInt(t.value,10))?r=1e3:~~r<200&&(r=200),s.height=r):\"link\"===t.message&&(r=new URL(s.getAttribute(\"src\")),n=new URL(t.value),c.test(n.protocol))&&n.host===r.host&&l.activeElement===s&&(d.top.location.href=t.value))}},d.addEventListener(\"message\",d.wp.receiveEmbedMessage,!1),l.addEventListener(\"DOMContentLoaded\",function(){for(var e,t,s=l.querySelectorAll(\"iframe.wp-embedded-content\"),r=0;r<s.length;r++)(t=(e=s[r]).getAttribute(\"data-secret\"))||(t=Math.random().toString(36).substring(2,12),e.src+=\"#?secret=\"+t,e.setAttribute(\"data-secret\",t)),e.contentWindow.postMessage({message:\"ready\",secret:t},\"*\")},!1)))}(window,document);\n\/\/# sourceURL=https:\/\/moderaterna.se\/halland\/wp-includes\/js\/wp-embed.min.js\n<\/script>\n","description":"Jag har en yrkesbakgrund inom hotell och restaurang, egenf\u00f6retagare och s\u00e4ljare, bland annat var jag del\u00e4gare i Laholms stadshotell i 6\u00e5r. Mitt intresse f\u00f6r samh\u00e4llsfr\u00e5gor \u00e4r stort, Som moderat tror jag p\u00e5 att v\u00e4lf\u00e4rdens k\u00e4rna ska prioriteras f\u00f6re annat. Allt ska inte finansieras via skattsedeln utan skola, v\u00e5rd och omsorg, infrastruktur, lag och ordning och [&hellip;]","thumbnail_url":"https:\/\/moderaterna.se\/app\/uploads\/sites\/26\/2021\/12\/DELNINGSBILD_hemsida_fo\u0308rstasida.png","thumbnail_width":1200,"thumbnail_height":628}

Jag har en yrkesbakgrund inom hotell och restaurang, egenföretagare och säljare, bland annat var jag delägare i Laholms stadshotell i 6år. Mitt intresse för samhällsfrågor är stort, Som moderat tror jag på att välfärdens kärna ska prioriteras före annat. Allt ska inte finansieras via skattsedeln utan skola, vård och omsorg, infrastruktur, lag och ordning och [&hellip;]
