{"id":945,"date":"2021-12-28T07:27:56","date_gmt":"2021-12-28T06:27:56","guid":{"rendered":"https:\/\/moderaterna.se\/gavleborg\/?post_type=politiker&#038;p=945"},"modified":"2023-01-28T17:02:27","modified_gmt":"2023-01-28T16:02:27","slug":"orjan-larsson","status":"publish","type":"politiker","link":"https:\/\/moderaterna.se\/gavleborg\/politiker\/orjan-larsson\/","title":{"rendered":"\u00d6rjan Larsson"},"content":{"rendered":"\n<h2 class=\"wp-block-heading\" id=\"h-presentation\">Presentation<\/h2>\n\n\n\n<p>Jag heter \u00d6rjan Larsson \u00e4r 45 \u00e5r och bor i H\u00f6jersdal, G\u00e4vle. Har en sambo och en dotter. Har varit aktiv sedan 2005 och haft kommunala f\u00f6rtroendeuppdrag sedan 2006. Har bland annat tj\u00e4nstgjort i Kommunfullm\u00e4ktige samt suttit i G\u00e4vle Hamns styrelse i 12 \u00e5r, inklusive varit ordf\u00f6rande.\u00a0<\/p>\n\n\n\n<h2 class=\"wp-block-heading\" id=\"h-viktiga-fragor\">Viktiga fr\u00e5gor<\/h2>\n\n\n\n<p>Fortsatt utveckling av infrastruktur i Regionen, Ostkustbanan mellan G\u00e4vle och Sundsvall beh\u00f6ver byggas ut till dubbelsp\u00e5r. Gr\u00f6n omst\u00e4llning av transporter, \u00f6ka kapaciteten av godstrafik samt persontrafik p\u00e5 j\u00e4rnv\u00e4g.<br>M\u00f6jligg\u00f6ra och f\u00f6rbereda f\u00f6retagsetableringar, genom att prioritera mark n\u00e4ra kaj.<\/p>\n\n\n\n<p><strong>Intressen:<\/strong>&nbsp;Dans, tennis och fiske<\/p>\n\n\n\n<h2 class=\"wp-block-heading\" id=\"h-snabbfakta\">Snabbfakta<\/h2>\n\n\n\n<p><strong>Titel:<\/strong>&nbsp;L\u00e4rare<br><strong>Ort:<\/strong>&nbsp;H\u00f6jersdal, G\u00e4vle<\/p>\n\n\n\n<h2 class=\"wp-block-heading\" id=\"h-aktuella-uppdrag\">Aktuella uppdrag<\/h2>\n\n\n\n<p><strong>Region G\u00e4vleborg<\/strong><\/p>\n\n\n\n<ul class=\"wp-block-list\"><li>H\u00e5llbarhetsn\u00e4mnd, ers\u00e4ttare<\/li><li>Intressef\u00f6reningen Norrt\u00e5g, ers\u00e4ttare<\/li><li>Regiongruppens valberedning, ledamot<\/li><\/ul>\n","protected":false},"featured_media":946,"template":"","role":[93],"secondary-role":[],"class_list":["post-945","politiker","type-politiker","status-publish","has-post-thumbnail","hentry"],"acf":[],"_links":{"self":[{"href":"https:\/\/moderaterna.se\/gavleborg\/wp-json\/wp\/v2\/politiker\/945","targetHints":{"allow":["GET"]}}],"collection":[{"href":"https:\/\/moderaterna.se\/gavleborg\/wp-json\/wp\/v2\/politiker"}],"about":[{"href":"https:\/\/moderaterna.se\/gavleborg\/wp-json\/wp\/v2\/types\/politiker"}],"wp:featuredmedia":[{"embeddable":true,"href":"https:\/\/moderaterna.se\/gavleborg\/wp-json\/wp\/v2\/media\/946"}],"wp:attachment":[{"href":"https:\/\/moderaterna.se\/gavleborg\/wp-json\/wp\/v2\/media?parent=945"}],"wp:term":[{"taxonomy":"role","embeddable":true,"href":"https:\/\/moderaterna.se\/gavleborg\/wp-json\/wp\/v2\/role?post=945"},{"taxonomy":"secondary-role","embeddable":true,"href":"https:\/\/moderaterna.se\/gavleborg\/wp-json\/wp\/v2\/secondary-role?post=945"}],"curies":[{"name":"wp","href":"https:\/\/api.w.org\/{rel}","templated":true}]}}

Örjan Larsson

<h2 class="wp-block-heading" id="h-presentation">Presentation</h2>



<p>Jag heter Örjan Larsson är 45 år och bor i Höjersdal, Gävle. Har en sambo och en dotter. Har varit aktiv sedan 2005 och haft kommunala förtroendeuppdrag sedan 2006. Har bland annat tjänstgjort i Kommunfullmäktige samt suttit i Gävle Hamns styrelse i 12 år, inklusive varit ordförande. </p>



<h2 class="wp-block-heading" id="h-viktiga-fragor">Viktiga frågor</h2>



<p>Fortsatt utveckling av infrastruktur i Regionen, Ostkustbanan mellan Gävle och Sundsvall behöver byggas ut till dubbelspår. Grön omställning av transporter, öka kapaciteten av godstrafik samt persontrafik på järnväg.<br>Möjliggöra och förbereda företagsetableringar, genom att prioritera mark nära kaj.</p>



<p><strong>Intressen:</strong>&nbsp;Dans, tennis och fiske</p>



<h2 class="wp-block-heading" id="h-snabbfakta">Snabbfakta</h2>



<p><strong>Titel:</strong>&nbsp;Lärare<br><strong>Ort:</strong>&nbsp;Höjersdal, Gävle</p>



<h2 class="wp-block-heading" id="h-aktuella-uppdrag">Aktuella uppdrag</h2>



<p><strong>Region Gävleborg</strong></p>



<ul class="wp-block-list"><li>Hållbarhetsnämnd, ersättare</li><li>Intresseföreningen Norrtåg, ersättare</li><li>Regiongruppens valberedning, ledamot</li></ul>
