{"id":943,"date":"2021-12-28T07:24:59","date_gmt":"2021-12-28T06:24:59","guid":{"rendered":"https:\/\/moderaterna.se\/gavleborg\/?post_type=politiker&#038;p=943"},"modified":"2023-05-21T15:16:04","modified_gmt":"2023-05-21T13:16:04","slug":"asa-ang-eriksson","status":"publish","type":"politiker","link":"https:\/\/moderaterna.se\/gavleborg\/politiker\/asa-ang-eriksson\/","title":{"rendered":"\u00c5sa \u00c4ng Eriksson"},"content":{"rendered":"\n<p>Har arbetat aktivt politiskt i n\u00e4stan hela mitt liv, allt fr\u00e5n lokal-\/ l\u00e4ns- till riksniv\u00e5, inom partiet, men ocks\u00e5 som f\u00f6rtroendevald. Jag \u00e4r utbildad grundskoll\u00e4rare och jobbar idag som rektor i Bergviksskolan ( f\u00f6rkoleklass- \u00e5k 9). Sitter i HFIF ( H\u00e4lsinglands friidrottsf\u00f6rbund) styrelse som sekreterare. \u00c4r ordf\u00f6rande i Svenska skolledarf\u00f6rbundet i S\u00f6derhamns kommun. I Bolln\u00e4s kommun sitter jag som f\u00f6rtroendevald i kommunfullm\u00e4ktige, och dess valberedning. Jag \u00e4r gift och har fyra vuxna barn.<br><br><strong>Viktigaste politiska fr\u00e5ga:<\/strong>&nbsp;Infrastruktur och tillv\u00e4xt. (Naturligtvis \u00e4r sjukv\u00e5rdsfr\u00e5gorna ocks\u00e5 oerh\u00f6rt viktiga)<\/p>\n\n\n\n<p><br><strong>Intressen:&nbsp;<\/strong>N\u00e4r jag n\u00e5gon g\u00e5ng \u00e4r ledig s\u00e5 kopplar jag av med korsord vid sj\u00f6n Ijungen d\u00e4r vi har v\u00e5r stuga.<\/p>\n\n\n\n<h2 class=\"wp-block-heading\" id=\"h-snabbfakta\">Snabbfakta<\/h2>\n\n\n\n<p id=\"h-ort-valkrets-bollnas-halsingland-yrke-rektor-aktuella-uppdrag\"><strong>Titel:&nbsp;<\/strong>Rektor<br><strong>Ort:<\/strong> Bolln\u00e4s<br><br><strong>Aktuella uppdrag<\/strong><\/p>\n\n\n\n<p><strong>Bolln\u00e4s kommun<\/strong><\/p>\n\n\n\n<ul class=\"wp-block-list\"><li>Fullm\u00e4ktige, ledamot<\/li><li>Gruppledare&nbsp;<\/li><li>Ordf\u00f6rande Utbildningsn\u00e4mnden<\/li><li>Ordf\u00f6rande H\u00e4lsinglands Utbildningsf\u00f6rbund<\/li><\/ul>\n","protected":false},"featured_media":944,"template":"","role":[92],"secondary-role":[],"class_list":["post-943","politiker","type-politiker","status-publish","has-post-thumbnail","hentry"],"acf":[],"_links":{"self":[{"href":"https:\/\/moderaterna.se\/gavleborg\/wp-json\/wp\/v2\/politiker\/943","targetHints":{"allow":["GET"]}}],"collection":[{"href":"https:\/\/moderaterna.se\/gavleborg\/wp-json\/wp\/v2\/politiker"}],"about":[{"href":"https:\/\/moderaterna.se\/gavleborg\/wp-json\/wp\/v2\/types\/politiker"}],"wp:featuredmedia":[{"embeddable":true,"href":"https:\/\/moderaterna.se\/gavleborg\/wp-json\/wp\/v2\/media\/944"}],"wp:attachment":[{"href":"https:\/\/moderaterna.se\/gavleborg\/wp-json\/wp\/v2\/media?parent=943"}],"wp:term":[{"taxonomy":"role","embeddable":true,"href":"https:\/\/moderaterna.se\/gavleborg\/wp-json\/wp\/v2\/role?post=943"},{"taxonomy":"secondary-role","embeddable":true,"href":"https:\/\/moderaterna.se\/gavleborg\/wp-json\/wp\/v2\/secondary-role?post=943"}],"curies":[{"name":"wp","href":"https:\/\/api.w.org\/{rel}","templated":true}]}}

Åsa Äng Eriksson

<p>Har arbetat aktivt politiskt i nästan hela mitt liv, allt från lokal-/ läns- till riksnivå, inom partiet, men också som förtroendevald. Jag är utbildad grundskollärare och jobbar idag som rektor i Bergviksskolan ( förkoleklass- åk 9). Sitter i HFIF ( Hälsinglands friidrottsförbund) styrelse som sekreterare. Är ordförande i Svenska skolledarförbundet i Söderhamns kommun. I Bollnäs kommun sitter jag som förtroendevald i kommunfullmäktige, och dess valberedning. Jag är gift och har fyra vuxna barn.<br><br><strong>Viktigaste politiska fråga:</strong>&nbsp;Infrastruktur och tillväxt. (Naturligtvis är sjukvårdsfrågorna också oerhört viktiga)</p>



<p><br><strong>Intressen:&nbsp;</strong>När jag någon gång är ledig så kopplar jag av med korsord vid sjön Ijungen där vi har vår stuga.</p>



<h2 class="wp-block-heading" id="h-snabbfakta">Snabbfakta</h2>



<p id="h-ort-valkrets-bollnas-halsingland-yrke-rektor-aktuella-uppdrag"><strong>Titel:&nbsp;</strong>Rektor<br><strong>Ort:</strong> Bollnäs<br><br><strong>Aktuella uppdrag</strong></p>



<p><strong>Bollnäs kommun</strong></p>



<ul class="wp-block-list"><li>Fullmäktige, ledamot</li><li>Gruppledare&nbsp;</li><li>Ordförande Utbildningsnämnden</li><li>Ordförande Hälsinglands Utbildningsförbund</li></ul>
