{"id":888,"date":"2021-12-26T16:32:32","date_gmt":"2021-12-26T15:32:32","guid":{"rendered":"https:\/\/moderaterna.se\/gavleborg\/?post_type=politiker&#038;p=888"},"modified":"2023-02-05T17:29:33","modified_gmt":"2023-02-05T16:29:33","slug":"eva-karin-caisa-hamilton","status":"publish","type":"politiker","link":"https:\/\/moderaterna.se\/gavleborg\/politiker\/eva-karin-caisa-hamilton\/","title":{"rendered":"Eva-Karin Caisa Hamilton"},"content":{"rendered":"\n<h2 class=\"wp-block-heading\" id=\"h-presentation\">Presentation<\/h2>\n\n\n\n<p>Jag \u00e4r f\u00f6dd och uppvuxen i G\u00e4vle, Civilekonom, arbetat statligt och privat i mer \u00e4n 40 \u00e5r.<br>Viktigast f\u00f6r mig \u00e4r min familj.<br>Mina livserfarenheter och ideella uppdrag har medf\u00f6rt starkt engagemang f\u00f6r<\/p>\n\n\n\n<ul class=\"wp-block-list\"><li>M\u00e4nniskors lika v\u00e4rde<\/li><li>\u00c4ldres f\u00f6ruts\u00e4ttningar &#8211; s\u00e4rskilt \u00e4ldreboendefr\u00e5gor<\/li><li>H\u00e5llbarhet<\/li><\/ul>\n\n\n\n<p>Arbetet har gett mig bred erfarenhet i viktiga samh\u00e4llfr\u00e5gor<\/p>\n\n\n\n<ul class=\"wp-block-list\"><li>Skattefr\u00e5gor och f\u00f6ruts\u00e4ttningar f\u00f6r sm\u00e5 och medelstora f\u00f6retag<\/li><li>Intern kontroll \u2013 s\u00e4rskilt i skattefinansierade organisationer<\/li><li>F\u00f6rsvarspolitiska fr\u00e5gor<\/li><li>Kommunikationer och transportpolitik<\/li><\/ul>\n\n\n\n<p>Mina erfarenheter har gett mig mitt breda politiska samh\u00e4llsengagemang.<\/p>\n\n\n\n<h2 class=\"wp-block-heading\" id=\"h-snabbfakta\">Snabbfakta<\/h2>\n\n\n\n<p><strong>Ort:<\/strong>&nbsp;Utvaln\u00e4s G\u00e4vle<\/p>\n\n\n\n<h2 class=\"wp-block-heading\" id=\"h-aktuella-uppdrag\">Aktuella uppdrag<\/h2>\n\n\n\n<p><strong>Region G\u00e4vleborg<\/strong><\/p>\n\n\n\n<ul class=\"wp-block-list\"><li>Revisor<\/li><\/ul>\n\n\n\n<p><strong>G\u00e4vle kommun<\/strong><\/p>\n\n\n\n<ul class=\"wp-block-list\"><li>kommunrevisionen, ordf\u00f6rade <\/li><\/ul>\n","protected":false},"featured_media":889,"template":"","role":[93],"secondary-role":[],"class_list":["post-888","politiker","type-politiker","status-publish","has-post-thumbnail","hentry"],"acf":[],"_links":{"self":[{"href":"https:\/\/moderaterna.se\/gavleborg\/wp-json\/wp\/v2\/politiker\/888","targetHints":{"allow":["GET"]}}],"collection":[{"href":"https:\/\/moderaterna.se\/gavleborg\/wp-json\/wp\/v2\/politiker"}],"about":[{"href":"https:\/\/moderaterna.se\/gavleborg\/wp-json\/wp\/v2\/types\/politiker"}],"wp:featuredmedia":[{"embeddable":true,"href":"https:\/\/moderaterna.se\/gavleborg\/wp-json\/wp\/v2\/media\/889"}],"wp:attachment":[{"href":"https:\/\/moderaterna.se\/gavleborg\/wp-json\/wp\/v2\/media?parent=888"}],"wp:term":[{"taxonomy":"role","embeddable":true,"href":"https:\/\/moderaterna.se\/gavleborg\/wp-json\/wp\/v2\/role?post=888"},{"taxonomy":"secondary-role","embeddable":true,"href":"https:\/\/moderaterna.se\/gavleborg\/wp-json\/wp\/v2\/secondary-role?post=888"}],"curies":[{"name":"wp","href":"https:\/\/api.w.org\/{rel}","templated":true}]}}

<h2 class="wp-block-heading" id="h-presentation">Presentation</h2>



<p>Jag är född och uppvuxen i Gävle, Civilekonom, arbetat statligt och privat i mer än 40 år.<br>Viktigast för mig är min familj.<br>Mina livserfarenheter och ideella uppdrag har medfört starkt engagemang för</p>



<ul class="wp-block-list"><li>Människors lika värde</li><li>Äldres förutsättningar &#8211; särskilt äldreboendefrågor</li><li>Hållbarhet</li></ul>



<p>Arbetet har gett mig bred erfarenhet i viktiga samhällfrågor</p>



<ul class="wp-block-list"><li>Skattefrågor och förutsättningar för små och medelstora företag</li><li>Intern kontroll – särskilt i skattefinansierade organisationer</li><li>Försvarspolitiska frågor</li><li>Kommunikationer och transportpolitik</li></ul>



<p>Mina erfarenheter har gett mig mitt breda politiska samhällsengagemang.</p>



<h2 class="wp-block-heading" id="h-snabbfakta">Snabbfakta</h2>



<p><strong>Ort:</strong>&nbsp;Utvalnäs Gävle</p>



<h2 class="wp-block-heading" id="h-aktuella-uppdrag">Aktuella uppdrag</h2>



<p><strong>Region Gävleborg</strong></p>



<ul class="wp-block-list"><li>Revisor</li></ul>



<p><strong>Gävle kommun</strong></p>



<ul class="wp-block-list"><li>kommunrevisionen, ordförade </li></ul>
