{"id":1870,"date":"2023-07-13T09:33:12","date_gmt":"2023-07-13T07:33:12","guid":{"rendered":"https:\/\/moderaterna.se\/gavleborg\/?post_type=politiker&#038;p=1870"},"modified":"2023-07-13T09:34:06","modified_gmt":"2023-07-13T07:34:06","slug":"lise-lotte-vanler","status":"publish","type":"politiker","link":"https:\/\/moderaterna.se\/gavleborg\/politiker\/lise-lotte-vanler\/","title":{"rendered":"Lise-Lotte Vanler"},"content":{"rendered":"\n<h2 class=\"wp-block-heading\" id=\"h-presentation\"><strong>Presentation<\/strong><\/h2>\n\n\n\n<p>Viktigast f\u00f6r mig \u00e4r frihet under ansvar oerh\u00f6rt viktigt.R\u00e4ttigheter och skyldigheter g\u00e5r hand i hand. Allt av v\u00e4rde kr\u00e4ver engagemang, ansvar och h\u00e5rt arbete. Bidrag s\u00e4nker, arbete st\u00e4rker.<\/p>\n\n\n\n<h2 class=\"wp-block-heading\" id=\"h-viktigaste-fragor\"><strong>Viktigaste fr\u00e5gor<\/strong><\/h2>\n\n\n\n<p>Region G\u00e4vleborg har idag stora problem som m\u00e5ste tas itu med, och S-styret som suttit vid makten i 100 \u00e5r \u00e4r idag mer intresserad av att f\u00f6rvalta, \u00e4n att f\u00f6rnya och f\u00f6rb\u00e4ttra. F\u00f6r att f\u00e5 ordning p\u00e5 Region G\u00e4vleborg kr\u00e4vs; \u2013 Kortade v\u00e5rdk\u00f6er \u2013 Stabilare ekonomi \u2013 Kraftiga satsningar p\u00e5 landets s\u00e4msta v\u00e4gar<\/p>\n\n\n\n<h2 class=\"wp-block-heading\" id=\"h-snabbfakta\"><strong>Snabbfakta<\/strong><\/h2>\n\n\n\n<p><strong>Titel:<\/strong>\u00a0Rektor<br><strong>Ort:<\/strong>\u00a0G\u00e4vle<\/p>\n\n\n\n<h2 class=\"wp-block-heading\" id=\"h-aktuella-uppdrag\"><strong>Aktuella Uppdrag<\/strong><\/h2>\n\n\n\n<p><strong>G\u00e4vle kommun:<\/strong><\/p>\n\n\n\n<ul class=\"wp-block-list\"><li>Socialn\u00e4mnd, lerdamit<\/li><\/ul>\n","protected":false},"featured_media":1871,"template":"","role":[93],"secondary-role":[],"class_list":["post-1870","politiker","type-politiker","status-publish","has-post-thumbnail","hentry"],"acf":[],"_links":{"self":[{"href":"https:\/\/moderaterna.se\/gavleborg\/wp-json\/wp\/v2\/politiker\/1870","targetHints":{"allow":["GET"]}}],"collection":[{"href":"https:\/\/moderaterna.se\/gavleborg\/wp-json\/wp\/v2\/politiker"}],"about":[{"href":"https:\/\/moderaterna.se\/gavleborg\/wp-json\/wp\/v2\/types\/politiker"}],"wp:featuredmedia":[{"embeddable":true,"href":"https:\/\/moderaterna.se\/gavleborg\/wp-json\/wp\/v2\/media\/1871"}],"wp:attachment":[{"href":"https:\/\/moderaterna.se\/gavleborg\/wp-json\/wp\/v2\/media?parent=1870"}],"wp:term":[{"taxonomy":"role","embeddable":true,"href":"https:\/\/moderaterna.se\/gavleborg\/wp-json\/wp\/v2\/role?post=1870"},{"taxonomy":"secondary-role","embeddable":true,"href":"https:\/\/moderaterna.se\/gavleborg\/wp-json\/wp\/v2\/secondary-role?post=1870"}],"curies":[{"name":"wp","href":"https:\/\/api.w.org\/{rel}","templated":true}]}}

<h2 class="wp-block-heading" id="h-presentation"><strong>Presentation</strong></h2>



<p>Viktigast för mig är frihet under ansvar oerhört viktigt.Rättigheter och skyldigheter går hand i hand. Allt av värde kräver engagemang, ansvar och hårt arbete. Bidrag sänker, arbete stärker.</p>



<h2 class="wp-block-heading" id="h-viktigaste-fragor"><strong>Viktigaste frågor</strong></h2>



<p>Region Gävleborg har idag stora problem som måste tas itu med, och S-styret som suttit vid makten i 100 år är idag mer intresserad av att förvalta, än att förnya och förbättra. För att få ordning på Region Gävleborg krävs; – Kortade vårdköer – Stabilare ekonomi – Kraftiga satsningar på landets sämsta vägar</p>



<h2 class="wp-block-heading" id="h-snabbfakta"><strong>Snabbfakta</strong></h2>



<p><strong>Titel:</strong> Rektor<br><strong>Ort:</strong> Gävle</p>



<h2 class="wp-block-heading" id="h-aktuella-uppdrag"><strong>Aktuella Uppdrag</strong></h2>



<p><strong>Gävle kommun:</strong></p>



<ul class="wp-block-list"><li>Socialnämnd, lerdamit</li></ul>
