{"id":1806,"date":"2023-04-13T12:25:32","date_gmt":"2023-04-13T10:25:32","guid":{"rendered":"https:\/\/moderaterna.se\/gavleborg\/?post_type=politiker&#038;p=1806"},"modified":"2023-04-13T12:25:32","modified_gmt":"2023-04-13T10:25:32","slug":"bengt-nises","status":"publish","type":"politiker","link":"https:\/\/moderaterna.se\/gavleborg\/politiker\/bengt-nises\/","title":{"rendered":"Bengt Nises"},"content":{"rendered":"\n<h2 class=\"wp-block-heading\" id=\"h-presentation\"><strong>Presentation<\/strong><\/h2>\n\n\n\n<p>En lokalpolitiker med b\u00e5da f\u00f6tterna i myllan!<\/p>\n\n\n\n<h2 class=\"wp-block-heading\" id=\"h-viktigaste-fragor\"><strong>Viktigaste fr\u00e5gor<\/strong><\/h2>\n\n\n\n<p>Idrott, barn och ungdoms fr\u00e5gor! G\u00e4vle och det som ber\u00f6r G\u00e4vleborna.<\/p>\n\n\n\n<h2 class=\"wp-block-heading\" id=\"h-snabbfakta\"><strong>Snabbfakta<\/strong><\/h2>\n\n\n\n<p><strong>Titel:<\/strong>\u00a0Senior advisor\/ egen f\u00f6retagare<br><strong>Ort:<\/strong>\u00a0Igg\u00f6n, G\u00e4vle<\/p>\n\n\n\n<h2 class=\"wp-block-heading\" id=\"h-aktuella-uppdrag\"><strong>Aktuella Uppdrag<\/strong><\/h2>\n\n\n\n<p><strong>G\u00e4vle kommun:<\/strong><\/p>\n\n\n\n<ul class=\"wp-block-list\"><li>Kommunfullm\u00e4ktige, ers\u00e4ttare<\/li><li>samh\u00e4llsbyggnadsn\u00e4mnden, ledamot<\/li><\/ul>\n\n\n\n<p><strong>G\u00e4vlef\u00f6reningen:<\/strong><\/p>\n\n\n\n<ul class=\"wp-block-list\"><li>Ledamot F\u00f6reningsstyrelse<\/li><\/ul>\n","protected":false},"featured_media":1807,"template":"","role":[92],"secondary-role":[],"class_list":["post-1806","politiker","type-politiker","status-publish","has-post-thumbnail","hentry"],"acf":[],"_links":{"self":[{"href":"https:\/\/moderaterna.se\/gavleborg\/wp-json\/wp\/v2\/politiker\/1806","targetHints":{"allow":["GET"]}}],"collection":[{"href":"https:\/\/moderaterna.se\/gavleborg\/wp-json\/wp\/v2\/politiker"}],"about":[{"href":"https:\/\/moderaterna.se\/gavleborg\/wp-json\/wp\/v2\/types\/politiker"}],"wp:featuredmedia":[{"embeddable":true,"href":"https:\/\/moderaterna.se\/gavleborg\/wp-json\/wp\/v2\/media\/1807"}],"wp:attachment":[{"href":"https:\/\/moderaterna.se\/gavleborg\/wp-json\/wp\/v2\/media?parent=1806"}],"wp:term":[{"taxonomy":"role","embeddable":true,"href":"https:\/\/moderaterna.se\/gavleborg\/wp-json\/wp\/v2\/role?post=1806"},{"taxonomy":"secondary-role","embeddable":true,"href":"https:\/\/moderaterna.se\/gavleborg\/wp-json\/wp\/v2\/secondary-role?post=1806"}],"curies":[{"name":"wp","href":"https:\/\/api.w.org\/{rel}","templated":true}]}}

<h2 class="wp-block-heading" id="h-presentation"><strong>Presentation</strong></h2>



<p>En lokalpolitiker med båda fötterna i myllan!</p>



<h2 class="wp-block-heading" id="h-viktigaste-fragor"><strong>Viktigaste frågor</strong></h2>



<p>Idrott, barn och ungdoms frågor! Gävle och det som berör Gävleborna.</p>



<h2 class="wp-block-heading" id="h-snabbfakta"><strong>Snabbfakta</strong></h2>



<p><strong>Titel:</strong> Senior advisor/ egen företagare<br><strong>Ort:</strong> Iggön, Gävle</p>



<h2 class="wp-block-heading" id="h-aktuella-uppdrag"><strong>Aktuella Uppdrag</strong></h2>



<p><strong>Gävle kommun:</strong></p>



<ul class="wp-block-list"><li>Kommunfullmäktige, ersättare</li><li>samhällsbyggnadsnämnden, ledamot</li></ul>



<p><strong>Gävleföreningen:</strong></p>



<ul class="wp-block-list"><li>Ledamot Föreningsstyrelse</li></ul>
