{"id":1749,"date":"2023-01-12T21:44:54","date_gmt":"2023-01-12T20:44:54","guid":{"rendered":"https:\/\/moderaterna.se\/gavleborg\/?post_type=politiker&#038;p=1749"},"modified":"2023-01-12T21:51:49","modified_gmt":"2023-01-12T20:51:49","slug":"torsten-myrgren","status":"publish","type":"politiker","link":"https:\/\/moderaterna.se\/gavleborg\/politiker\/torsten-myrgren\/","title":{"rendered":"Torsten Myrgren"},"content":{"rendered":"\n<h2 class=\"wp-block-heading\" id=\"h-presentation\"><strong>Presentation<\/strong><\/h2>\n\n\n\n<p>Med en drygt 40-\u00e5rig yrkeskarri\u00e4r bakom mig, gick jag pension vid 67 \u00e5rs \u00e5lder \u00e5r 2015. Jag har i huvudsak arbetat som chef med kvalitets- och utvecklingsarbete inom pappersindustrin. Som fritidspolitiker har jag arbetat tv\u00e5 mandatperioder inom omr\u00e5dena kultur\/fritid, byggnadsfr\u00e5gor samt r\u00e4ddningstj\u00e4nst\/milj\u00f6arbete. Jag sitter i styrelsen i v\u00e5r lokala M-f\u00f6rening. Mitt musikintresse har f\u00f6jt mig i livet och i dansband som basist.<\/p>\n\n\n\n<h2 class=\"wp-block-heading\" id=\"h-viktigaste-fragor\"><strong>Viktigaste fr\u00e5gor<\/strong><\/h2>\n\n\n\n<p>Ledarskapsfr\u00e5gor, personalutveckling och att st\u00e5 upp f\u00f6r v\u00e5ra moderata grundid\u00e9er.<\/p>\n\n\n\n<h2 class=\"wp-block-heading\" id=\"h-snabbfakta\"><strong>Snabbfakta<\/strong><\/h2>\n\n\n\n<p><strong>Titel:<\/strong>\u00a0Pension\u00e4r<br><strong>Ort:<\/strong>\u00a0Hudiksvall<\/p>\n\n\n\n<h2 class=\"wp-block-heading\" id=\"h-aktuella-uppdrag\"><strong>Aktuella Uppdrag<\/strong><\/h2>\n\n\n\n<p><strong>Hudiksvalls kommun:<\/strong><\/p>\n\n\n\n<ul class=\"wp-block-list\"><li>Byggnadsn\u00e4mnden, ers\u00e4ttare<\/li><li>Kultur- och fritidsn\u00e4mnden, ers\u00e4ttare<\/li><li>Norrh\u00e4lsinglands milj\u00f6- och r\u00e4ddningsn\u00e4mnd, ers\u00e4ttare<\/li><\/ul>\n\n\n\n<p><strong>Hudiksvallsf\u00f6reningen:<\/strong><\/p>\n\n\n\n<ul class=\"wp-block-list\"><li>Styrelse, medlemsansvarig<\/li><\/ul>\n","protected":false},"featured_media":1754,"template":"","role":[93],"secondary-role":[],"class_list":["post-1749","politiker","type-politiker","status-publish","has-post-thumbnail","hentry"],"acf":[],"_links":{"self":[{"href":"https:\/\/moderaterna.se\/gavleborg\/wp-json\/wp\/v2\/politiker\/1749","targetHints":{"allow":["GET"]}}],"collection":[{"href":"https:\/\/moderaterna.se\/gavleborg\/wp-json\/wp\/v2\/politiker"}],"about":[{"href":"https:\/\/moderaterna.se\/gavleborg\/wp-json\/wp\/v2\/types\/politiker"}],"wp:featuredmedia":[{"embeddable":true,"href":"https:\/\/moderaterna.se\/gavleborg\/wp-json\/wp\/v2\/media\/1754"}],"wp:attachment":[{"href":"https:\/\/moderaterna.se\/gavleborg\/wp-json\/wp\/v2\/media?parent=1749"}],"wp:term":[{"taxonomy":"role","embeddable":true,"href":"https:\/\/moderaterna.se\/gavleborg\/wp-json\/wp\/v2\/role?post=1749"},{"taxonomy":"secondary-role","embeddable":true,"href":"https:\/\/moderaterna.se\/gavleborg\/wp-json\/wp\/v2\/secondary-role?post=1749"}],"curies":[{"name":"wp","href":"https:\/\/api.w.org\/{rel}","templated":true}]}}

<h2 class="wp-block-heading" id="h-presentation"><strong>Presentation</strong></h2>



<p>Med en drygt 40-årig yrkeskarriär bakom mig, gick jag pension vid 67 års ålder år 2015. Jag har i huvudsak arbetat som chef med kvalitets- och utvecklingsarbete inom pappersindustrin. Som fritidspolitiker har jag arbetat två mandatperioder inom områdena kultur/fritid, byggnadsfrågor samt räddningstjänst/miljöarbete. Jag sitter i styrelsen i vår lokala M-förening. Mitt musikintresse har föjt mig i livet och i dansband som basist.</p>



<h2 class="wp-block-heading" id="h-viktigaste-fragor"><strong>Viktigaste frågor</strong></h2>



<p>Ledarskapsfrågor, personalutveckling och att stå upp för våra moderata grundidéer.</p>



<h2 class="wp-block-heading" id="h-snabbfakta"><strong>Snabbfakta</strong></h2>



<p><strong>Titel:</strong> Pensionär<br><strong>Ort:</strong> Hudiksvall</p>



<h2 class="wp-block-heading" id="h-aktuella-uppdrag"><strong>Aktuella Uppdrag</strong></h2>



<p><strong>Hudiksvalls kommun:</strong></p>



<ul class="wp-block-list"><li>Byggnadsnämnden, ersättare</li><li>Kultur- och fritidsnämnden, ersättare</li><li>Norrhälsinglands miljö- och räddningsnämnd, ersättare</li></ul>



<p><strong>Hudiksvallsföreningen:</strong></p>



<ul class="wp-block-list"><li>Styrelse, medlemsansvarig</li></ul>
