{"id":647,"date":"2021-12-08T10:12:33","date_gmt":"2021-12-08T09:12:33","guid":{"rendered":"https:\/\/moderaterna.se\/gavleborg\/?page_id=647"},"modified":"2026-03-16T14:14:43","modified_gmt":"2026-03-16T13:14:43","slug":"om-oss","status":"publish","type":"page","link":"https:\/\/moderaterna.se\/gavleborg\/om-oss\/","title":{"rendered":"Om oss"},"content":{"rendered":"\n<p><strong>Postadress<\/strong>:<br>Moderaterna G\u00e4vleborg<br>Drottninggatan 23<br>803 11 G\u00e4vle<\/p>\n\n\n\n<p><strong>Kontaktuppgifter<\/strong><br>Telefon: 0736844045<\/p>\n\n\n\n<p>Moderaterna i G\u00e4vleborg omfattar f\u00f6ljande kommuner: Bolln\u00e4s, G\u00e4vle, Hofors-Tors\u00e5ker, Hudiksvall, Ljusdal, Nordanstig, Ockelbo, Ovan\u00e5ker, Sandviken, S\u00f6derhamn.<a href=\"mailto:?subject=gavleborg%40moderaterna.se%0A%0APostadress%3A%0ANya%20Moderaterna%20G%C3%A4vleborg%0ADrottninggatan%2023%0A803%2011%20G%C3%A4vle%0A%0AKontaktuppgifter%0AV%C3%A4xel%3A%20026-68%2068%2044&amp;body=https%3a%2f%2flogin16.moderaterna.se%2fgavleborg%2Fom-oss\"><\/a><\/p>\n\n\n<div id=\"listing-block_acf_block_69b80241eaddb\" class=\"listing custom-block custom-block__full theme__background--pink\">\n    <div class=\"listing__content\">\n                    <h2 class=\"listing__content--title theme__color--purple\">Moderata partif\u00f6reningar i G\u00e4vleborg<\/h2>\n                        <div class=\"listing__content--list\">\n                                <ul class=\"listing__content--list__standard\">\n                                                    <li>\n                                <a class=\"p--purple\" href=\"https:\/\/moderaterna.se\/gavleborg\/foreningar\/bollnas\/\">Bolln\u00e4s<\/a>\n                            <\/li>\n                                                    <li>\n                                <a class=\"p--purple\" href=\"https:\/\/moderaterna.se\/gavleborg\/foreningar\/gavlemoderaterna-se\/\">G\u00e4vle<\/a>\n                            <\/li>\n                                                    <li>\n                                <a class=\"p--purple\" href=\"https:\/\/moderaterna.se\/gavleborg\/foreningar\/hofors-torsaker\/\">Hofors Tors\u00e5ker<\/a>\n                            <\/li>\n                                                    <li>\n                                <a class=\"p--purple\" href=\"https:\/\/moderaterna.se\/gavleborg\/foreningar\/hudiksvall\/\">Hudiksvall<\/a>\n                            <\/li>\n                                                    <li>\n                                <a class=\"p--purple\" href=\"https:\/\/moderaterna.se\/gavleborg\/foreningar\/ljusdal\/\">Ljusdal<\/a>\n                            <\/li>\n                                                    <li>\n                                <a class=\"p--purple\" href=\"https:\/\/moderaterna.se\/gavleborg\/foreningar\/nordanstig\/\">Nordanstig<\/a>\n                            <\/li>\n                                                    <li>\n                                <a class=\"p--purple\" href=\"https:\/\/moderaterna.se\/gavleborg\/foreningar\/ockelbo\/\">Ockelbo<\/a>\n                            <\/li>\n                                                    <li>\n                                <a class=\"p--purple\" href=\"https:\/\/moderaterna.se\/gavleborg\/foreningar\/sandviken\/\">Sandviken<\/a>\n                            <\/li>\n                                                    <li>\n                                <a class=\"p--purple\" href=\"https:\/\/moderaterna.se\/gavleborg\/foreningar\/soderhamn\/\">S\u00f6derhamn<\/a>\n                            <\/li>\n                                                    <li>\n                                <a class=\"p--purple\" href=\"https:\/\/moderaterna.se\/gavleborg\/foreningar\/voxnadalen\/\">Voxnadalen<\/a>\n                            <\/li>\n                                            <\/ul>\n                        <\/div>\n    <\/div>\n<\/div>\n","protected":false},"excerpt":{"rendered":"<p>Postadress:Moderaterna G\u00e4vleborgDrottninggatan 23803 11 G\u00e4vle KontaktuppgifterTelefon: 0736844045 Moderaterna i G\u00e4vleborg omfattar f\u00f6ljande kommuner: Bolln\u00e4s, G\u00e4vle, Hofors-Tors\u00e5ker, Hudiksvall, Ljusdal, Nordanstig, Ockelbo, Ovan\u00e5ker, Sandviken, S\u00f6derhamn.<\/p>\n","protected":false},"author":9,"featured_media":0,"parent":0,"menu_order":0,"comment_status":"closed","ping_status":"closed","template":"","meta":{"_acf_changed":false,"_relevanssi_hide_post":"","_relevanssi_hide_content":"","_relevanssi_pin_for_all":"","_relevanssi_pin_keywords":"","_relevanssi_unpin_keywords":"","_relevanssi_related_keywords":"","_relevanssi_related_include_ids":"","_relevanssi_related_exclude_ids":"","_relevanssi_related_no_append":"","_relevanssi_related_not_related":"","_relevanssi_related_posts":"640,526,642","_relevanssi_noindex_reason":"","footnotes":""},"subject":[],"class_list":["post-647","page","type-page","status-publish","hentry"],"acf":[],"publishpress_future_action":{"enabled":false,"date":"2026-04-24 02:45:04","action":"change-status","newStatus":"draft","terms":[],"taxonomy":"subject"},"_links":{"self":[{"href":"https:\/\/moderaterna.se\/gavleborg\/wp-json\/wp\/v2\/pages\/647","targetHints":{"allow":["GET"]}}],"collection":[{"href":"https:\/\/moderaterna.se\/gavleborg\/wp-json\/wp\/v2\/pages"}],"about":[{"href":"https:\/\/moderaterna.se\/gavleborg\/wp-json\/wp\/v2\/types\/page"}],"author":[{"embeddable":true,"href":"https:\/\/moderaterna.se\/gavleborg\/wp-json\/wp\/v2\/users\/9"}],"replies":[{"embeddable":true,"href":"https:\/\/moderaterna.se\/gavleborg\/wp-json\/wp\/v2\/comments?post=647"}],"version-history":[{"count":24,"href":"https:\/\/moderaterna.se\/gavleborg\/wp-json\/wp\/v2\/pages\/647\/revisions"}],"predecessor-version":[{"id":2030,"href":"https:\/\/moderaterna.se\/gavleborg\/wp-json\/wp\/v2\/pages\/647\/revisions\/2030"}],"wp:attachment":[{"href":"https:\/\/moderaterna.se\/gavleborg\/wp-json\/wp\/v2\/media?parent=647"}],"wp:term":[{"taxonomy":"subject","embeddable":true,"href":"https:\/\/moderaterna.se\/gavleborg\/wp-json\/wp\/v2\/subject?post=647"}],"curies":[{"name":"wp","href":"https:\/\/api.w.org\/{rel}","templated":true}]}}