{"id":630,"date":"2021-12-08T09:50:43","date_gmt":"2021-12-08T08:50:43","guid":{"rendered":"https:\/\/moderaterna.se\/gavleborg\/?page_id=630"},"modified":"2025-10-12T14:02:30","modified_gmt":"2025-10-12T12:02:30","slug":"forbundskansliet","status":"publish","type":"page","link":"https:\/\/moderaterna.se\/gavleborg\/forbundskansliet\/","title":{"rendered":"Moderaterna i G\u00e4vleborg"},"content":{"rendered":"\n<p>H\u00e4r hittar du kontaktuppgifter till Moderaterna i G\u00e4vleborg<\/p>\n\n\n\n<p>Nya Moderaterna G\u00e4vleborg<br>Drottninggatan 23<br>803 11 G\u00c4VLE<br>gavleborg@moderaterna.se<\/p>\n\n\n\n<h2 class=\"wp-block-heading\" id=\"h-forbundskansliet\"><strong>F\u00f6rbundskansliet<\/strong><\/h2>\n\n\n\n<p>M\u00e5rten Str\u00f6mberg, partiombudsman<br>073-684 40 45<br>marten.stromberg@moderaterna.se<\/p>\n\n\n\n<p>Patrik Stenvard, f\u00f6rbundsordf\u00f6rande<br>070-307 44 62<br>patrik.stenvard@moderaterna.se<\/p>\n\n\n\n<h2 class=\"wp-block-heading\"><strong>Region G\u00e4vleborg<\/strong><\/h2>\n\n\n\n<p><a href=\"https:\/\/moderaterna.se\/gavleborg\/politiker\/patrik-stenvard\/\" target=\"_blank\" rel=\"noreferrer noopener\">Regionr\u00e5d Patrik Stenvard<\/a><br>Ordf\u00f6rande Regionstyrelsen<br>patrik.stenvard@regiongavleborg.se<\/p>\n\n\n\n<p><a href=\"https:\/\/moderaterna.se\/gavleborg\/politiker\/alexander-hagg\/\">Regionr\u00e5d Al<\/a><a href=\"https:\/\/moderaterna.se\/gavleborg\/politiker\/alexander-hagg\/\" target=\"_blank\" rel=\"noreferrer noopener\">exander H\u00e4gg<\/a><br>Ordf\u00f6rande H\u00e5llbarhetsn\u00e4mnden<br>alexander.hagg@regiongavleborg.se<\/p>\n\n\n\n<p><a href=\"https:\/\/moderaterna.se\/gavleborg\/politiker\/frida-stal\/\" target=\"_blank\" rel=\"noreferrer noopener\">Regionr\u00e5d Frida St\u00e5l<\/a><br>Ordf\u00f6rande Kultur och kompetensn\u00e4mnden<br>frida.stal@regiongavleborg.se<\/p>\n\n\n\n<p>Politisk sekreterare&nbsp;Beatrice F\u00e4rdigs<br>beatrice.fardigs@regiongavleborg.se<\/p>\n\n\n\n<p>Politisk sekreterare Elin Simmesg\u00e5rd<br>elin.simmesgard@regiongavleborg.se<\/p>\n\n\n\n<p>Politisk sekreterare Anders Hemlin<br>anders.hemlin@regiongavleborg.se<\/p>\n\n\n\n<h2 class=\"wp-block-heading\" id=\"h-kommunerna\"><strong>Kommunerna<\/strong><\/h2>\n\n\n\n<p><strong>G\u00e4vle<\/strong><br>Kommunalr\u00e5d William Elofsson<br>william.elofsson@politiker.gavle.se<\/p>\n\n\n\n<p>Kommunalr\u00e5d Pekka Seitola<br>pekka.seitola@politiker.gavle.se<\/p>\n\n\n\n<p><a href=\"https:\/\/moderaterna.se\/gavleborg\/politiker\/emelie-ambrosius\/\" target=\"_blank\" rel=\"noreferrer noopener\">Politisk sekreterare&nbsp;Emelie Ambrosius<\/a><br>emelie.ambrosius@moderaterna.se<\/p>\n\n\n\n<p>Politisk sekreterare Emma Karlsson<br><a href=\"mailto:emma.karlsson@moderaterna.se\">emma.karlsson@moderaterna.se<\/a><\/p>\n\n\n\n<p><strong>Sandviken<\/strong><br><a href=\"https:\/\/moderaterna.se\/gavleborg\/politiker\/jonny-bratberg\/\" target=\"_blank\" rel=\"noreferrer noopener\">Kommunalr\u00e5d Jonny Bratberg<\/a><br>jonny.bratberg@sandviken.se<\/p>\n\n\n\n<p><strong>Hudiksvall<\/strong><br><a href=\"https:\/\/moderaterna.se\/gavleborg\/politiker\/adam-rydstedt\/\" target=\"_blank\" rel=\"noreferrer noopener\">Kommunalr\u00e5d Adam Rydstedt<\/a><br>adam.rydstedt@moderaterna.se<\/p>\n\n\n\n<p><strong>Bolln\u00e4s<\/strong><br><a href=\"https:\/\/moderaterna.se\/gavleborg\/politiker\/asa-ang-eriksson\/\">Gruppledare \u00c5sa \u00c4ng Eriksson<\/a><br>asa.ang.eriksson@regiongavleborg.se<\/p>\n\n\n\n<p><strong>S\u00f6derhamn<\/strong><br><a href=\"https:\/\/moderaterna.se\/gavleborg\/politiker\/marjo-myllykoski\/\" target=\"_blank\" rel=\"noreferrer noopener\">Kommunalr\u00e5d Marjo Myllykoski<\/a><br>marjo.m.moderat@gmail.com<\/p>\n\n\n\n<p><strong>Ljusdal<\/strong><br>Kommunalr\u00e5d Pernilla F\u00e4rlin<br>Ordf\u00f6rande Kommunstyrelsen<br>pernilla.farlin@ljusdal.se<\/p>\n\n\n\n<p><strong>Ovan\u00e5ker<\/strong><br><a href=\"https:\/\/moderaterna.se\/gavleborg\/politiker\/mikael-jonsson\/\" target=\"_blank\" rel=\"noreferrer noopener\">Gruppledare Mikael Jonsson<\/a><br>mikael.jonsson@ovanaker.se<\/p>\n\n\n\n<p><strong>Hofors<\/strong><br><a href=\"https:\/\/moderaterna.se\/gavleborg\/politiker\/ziita-eriksson\/\" target=\"_blank\" rel=\"noreferrer noopener\">Gruppledare Ziita Eriksson<\/a><br>ziita.eriksson@moderaterna.se<\/p>\n\n\n\n<p><strong>Nordanstig<\/strong><br>Gruppledare Lars Hed<br>lars.hed@nordanstig.se<\/p>\n\n\n\n<p><strong>Ockelbo<\/strong><br>Gruppledare Linus Gunnarsson<br>gunnarssonlinus@hotmail.com<\/p>\n\n\n\n<p>Kontaktuppgifter direkt till v\u00e5ra f\u00f6retr\u00e4dare hittar du p\u00e5 respektive f\u00f6retr\u00e4dares sida under fliken <a href=\"https:\/\/moderaterna.se\/gavleborg\/vara-politiker\/\">V\u00e5ra politiker<\/a>.<\/p>\n","protected":false},"excerpt":{"rendered":"<p>H\u00e4r hittar du kontaktuppgifter till Moderaterna i G\u00e4vleborg Nya Moderaterna G\u00e4vleborgDrottninggatan 23803 11 G\u00c4VLEgavleborg@moderaterna.se F\u00f6rbundskansliet M\u00e5rten Str\u00f6mberg, partiombudsman073-684 40 45marten.stromberg@moderaterna.se Patrik Stenvard, f\u00f6rbundsordf\u00f6rande070-307 44 62patrik.stenvard@moderaterna.se Region G\u00e4vleborg Regionr\u00e5d Patrik StenvardOrdf\u00f6rande Regionstyrelsenpatrik.stenvard@regiongavleborg.se Regionr\u00e5d Alexander H\u00e4ggOrdf\u00f6rande H\u00e5llbarhetsn\u00e4mndenalexander.hagg@regiongavleborg.se Regionr\u00e5d Frida St\u00e5lOrdf\u00f6rande Kultur och kompetensn\u00e4mndenfrida.stal@regiongavleborg.se Politisk sekreterare&nbsp;Beatrice F\u00e4rdigsbeatrice.fardigs@regiongavleborg.se Politisk sekreterare Elin Simmesg\u00e5rdelin.simmesgard@regiongavleborg.se Politisk sekreterare Anders Hemlinanders.hemlin@regiongavleborg.se Kommunerna G\u00e4vleKommunalr\u00e5d William [&hellip;]<\/p>\n","protected":false},"author":9,"featured_media":0,"parent":0,"menu_order":0,"comment_status":"closed","ping_status":"closed","template":"","meta":{"_acf_changed":false,"_relevanssi_hide_post":"","_relevanssi_hide_content":"","_relevanssi_pin_for_all":"","_relevanssi_pin_keywords":"","_relevanssi_unpin_keywords":"","_relevanssi_related_keywords":"","_relevanssi_related_include_ids":"","_relevanssi_related_exclude_ids":"","_relevanssi_related_no_append":"","_relevanssi_related_not_related":"","_relevanssi_related_posts":"526","_relevanssi_noindex_reason":"","footnotes":""},"subject":[],"class_list":["post-630","page","type-page","status-publish","hentry"],"acf":[],"publishpress_future_action":{"enabled":false,"date":"2026-05-05 03:52:53","action":"change-status","newStatus":"draft","terms":[],"taxonomy":"subject"},"_links":{"self":[{"href":"https:\/\/moderaterna.se\/gavleborg\/wp-json\/wp\/v2\/pages\/630","targetHints":{"allow":["GET"]}}],"collection":[{"href":"https:\/\/moderaterna.se\/gavleborg\/wp-json\/wp\/v2\/pages"}],"about":[{"href":"https:\/\/moderaterna.se\/gavleborg\/wp-json\/wp\/v2\/types\/page"}],"author":[{"embeddable":true,"href":"https:\/\/moderaterna.se\/gavleborg\/wp-json\/wp\/v2\/users\/9"}],"replies":[{"embeddable":true,"href":"https:\/\/moderaterna.se\/gavleborg\/wp-json\/wp\/v2\/comments?post=630"}],"version-history":[{"count":20,"href":"https:\/\/moderaterna.se\/gavleborg\/wp-json\/wp\/v2\/pages\/630\/revisions"}],"predecessor-version":[{"id":2003,"href":"https:\/\/moderaterna.se\/gavleborg\/wp-json\/wp\/v2\/pages\/630\/revisions\/2003"}],"wp:attachment":[{"href":"https:\/\/moderaterna.se\/gavleborg\/wp-json\/wp\/v2\/media?parent=630"}],"wp:term":[{"taxonomy":"subject","embeddable":true,"href":"https:\/\/moderaterna.se\/gavleborg\/wp-json\/wp\/v2\/subject?post=630"}],"curies":[{"name":"wp","href":"https:\/\/api.w.org\/{rel}","templated":true}]}}

Moderaterna i Gävleborg

<p>Här hittar du kontaktuppgifter till Moderaterna i Gävleborg</p>



<p>Nya Moderaterna Gävleborg<br>Drottninggatan 23<br>803 11 GÄVLE<br>gavleborg@moderaterna.se</p>



<h2 class="wp-block-heading" id="h-forbundskansliet"><strong>Förbundskansliet</strong></h2>



<p>Mårten Strömberg, partiombudsman<br>073-684 40 45<br>marten.stromberg@moderaterna.se</p>



<p>Patrik Stenvard, förbundsordförande<br>070-307 44 62<br>patrik.stenvard@moderaterna.se</p>



<h2 class="wp-block-heading"><strong>Region Gävleborg</strong></h2>



<p><a href="https://moderaterna.se/gavleborg/politiker/patrik-stenvard/" target="_blank" rel="noreferrer noopener">Regionråd Patrik Stenvard</a><br>Ordförande Regionstyrelsen<br>patrik.stenvard@regiongavleborg.se</p>



<p><a href="https://moderaterna.se/gavleborg/politiker/alexander-hagg/">Regionråd Al</a><a href="https://moderaterna.se/gavleborg/politiker/alexander-hagg/" target="_blank" rel="noreferrer noopener">exander Hägg</a><br>Ordförande Hållbarhetsnämnden<br>alexander.hagg@regiongavleborg.se</p>



<p><a href="https://moderaterna.se/gavleborg/politiker/frida-stal/" target="_blank" rel="noreferrer noopener">Regionråd Frida Stål</a><br>Ordförande Kultur och kompetensnämnden<br>frida.stal@regiongavleborg.se</p>



<p>Politisk sekreterare&nbsp;Beatrice Färdigs<br>beatrice.fardigs@regiongavleborg.se</p>



<p>Politisk sekreterare Elin Simmesgård<br>elin.simmesgard@regiongavleborg.se</p>



<p>Politisk sekreterare Anders Hemlin<br>anders.hemlin@regiongavleborg.se</p>



<h2 class="wp-block-heading" id="h-kommunerna"><strong>Kommunerna</strong></h2>



<p><strong>Gävle</strong><br>Kommunalråd William Elofsson<br>william.elofsson@politiker.gavle.se</p>



<p>Kommunalråd Pekka Seitola<br>pekka.seitola@politiker.gavle.se</p>



<p><a href="https://moderaterna.se/gavleborg/politiker/emelie-ambrosius/" target="_blank" rel="noreferrer noopener">Politisk sekreterare&nbsp;Emelie Ambrosius</a><br>emelie.ambrosius@moderaterna.se</p>



<p>Politisk sekreterare Emma Karlsson<br><a href="mailto:emma.karlsson@moderaterna.se">emma.karlsson@moderaterna.se</a></p>



<p><strong>Sandviken</strong><br><a href="https://moderaterna.se/gavleborg/politiker/jonny-bratberg/" target="_blank" rel="noreferrer noopener">Kommunalråd Jonny Bratberg</a><br>jonny.bratberg@sandviken.se</p>



<p><strong>Hudiksvall</strong><br><a href="https://moderaterna.se/gavleborg/politiker/adam-rydstedt/" target="_blank" rel="noreferrer noopener">Kommunalråd Adam Rydstedt</a><br>adam.rydstedt@moderaterna.se</p>



<p><strong>Bollnäs</strong><br><a href="https://moderaterna.se/gavleborg/politiker/asa-ang-eriksson/">Gruppledare Åsa Äng Eriksson</a><br>asa.ang.eriksson@regiongavleborg.se</p>



<p><strong>Söderhamn</strong><br><a href="https://moderaterna.se/gavleborg/politiker/marjo-myllykoski/" target="_blank" rel="noreferrer noopener">Kommunalråd Marjo Myllykoski</a><br>marjo.m.moderat@gmail.com</p>



<p><strong>Ljusdal</strong><br>Kommunalråd Pernilla Färlin<br>Ordförande Kommunstyrelsen<br>pernilla.farlin@ljusdal.se</p>



<p><strong>Ovanåker</strong><br><a href="https://moderaterna.se/gavleborg/politiker/mikael-jonsson/" target="_blank" rel="noreferrer noopener">Gruppledare Mikael Jonsson</a><br>mikael.jonsson@ovanaker.se</p>



<p><strong>Hofors</strong><br><a href="https://moderaterna.se/gavleborg/politiker/ziita-eriksson/" target="_blank" rel="noreferrer noopener">Gruppledare Ziita Eriksson</a><br>ziita.eriksson@moderaterna.se</p>



<p><strong>Nordanstig</strong><br>Gruppledare Lars Hed<br>lars.hed@nordanstig.se</p>



<p><strong>Ockelbo</strong><br>Gruppledare Linus Gunnarsson<br>gunnarssonlinus@hotmail.com</p>



<p>Kontaktuppgifter direkt till våra företrädare hittar du på respektive företrädares sida under fliken <a href="https://moderaterna.se/gavleborg/vara-politiker/">Våra politiker</a>.</p>

<p>Här hittar du kontaktuppgifter till Moderaterna i Gävleborg Nya Moderaterna GävleborgDrottninggatan 23803 11 GÄVLEgavleborg@moderaterna.se Förbundskansliet Mårten Strömberg, partiombudsman073-684 40 45marten.stromberg@moderaterna.se Patrik Stenvard, förbundsordförande070-307 44 62patrik.stenvard@moderaterna.se Region Gävleborg Regionråd Patrik StenvardOrdförande Regionstyrelsenpatrik.stenvard@regiongavleborg.se Regionråd Alexander HäggOrdförande Hållbarhetsnämndenalexander.hagg@regiongavleborg.se Regionråd Frida StålOrdförande Kultur och kompetensnämndenfrida.stal@regiongavleborg.se Politisk sekreterare&nbsp;Beatrice Färdigsbeatrice.fardigs@regiongavleborg.se Politisk sekreterare Elin Simmesgårdelin.simmesgard@regiongavleborg.se Politisk sekreterare Anders Hemlinanders.hemlin@regiongavleborg.se Kommunerna GävleKommunalråd William [&hellip;]</p>
