{"id":958,"date":"2021-12-28T08:12:48","date_gmt":"2021-12-28T07:12:48","guid":{"rendered":"https:\/\/moderaterna.se\/gavleborg\/?post_type=compound&#038;p=958"},"modified":"2025-08-18T13:57:02","modified_gmt":"2025-08-18T11:57:02","slug":"hudiksvall","status":"publish","type":"compound","link":"https:\/\/moderaterna.se\/gavleborg\/foreningar\/hudiksvall\/","title":{"rendered":"Hudiksvall"},"content":{"rendered":"\n<p>V\u00e4lkommen till Hudiksvallsmoderaterna. H\u00e4r kan du l\u00e4sa och ladda ned den kommunpolitiska handlingsprogram 2022-2026.<\/p>\n\n\n\n<div class=\"wp-block-media-text alignwide is-stacked-on-mobile\"><figure class=\"wp-block-media-text__media\"><img loading=\"lazy\" decoding=\"async\" width=\"780\" height=\"822\" src=\"https:\/\/moderaterna.se\/app\/uploads\/sites\/8\/2022\/08\/VAlman.png\" alt=\"\" class=\"wp-image-1696 size-full\" srcset=\"https:\/\/moderaterna.se\/app\/uploads\/sites\/8\/2022\/08\/VAlman.png 780w, https:\/\/moderaterna.se\/app\/uploads\/sites\/8\/2022\/08\/VAlman-285x300.png 285w, https:\/\/moderaterna.se\/app\/uploads\/sites\/8\/2022\/08\/VAlman-768x809.png 768w\" sizes=\"auto, (max-width: 780px) 100vw, 780px\" \/><\/figure><div class=\"wp-block-media-text__content\">\n<p class=\"has-large-font-size\"><strong>Valprogram 2022-2026<\/strong><\/p>\n\n\n\n<p>Hudiksvalls kommun \u00e4r inne i en positiv spiral. D\u00e4r f\u00f6retagen g\u00e5r bra,<br>det byggs i hela kommunen och k\u00e4nslan om framtidstro gror. Vi vill<br>forts\u00e4tta den resan &#8211; med att skapa de allra b\u00e4sta f\u00f6ruts\u00e4ttningarna f\u00f6r<br>v\u00e5ra f\u00f6retagare. Vilket kommer generera arbetstillf\u00e4llen, skatteint\u00e4kter<br>och en \u00e4nnu mer v\u00e4lm\u00e5ende kommun!<\/p>\n\n\n\n<div class=\"wp-block-buttons is-layout-flex wp-block-buttons-is-layout-flex\">\n<div class=\"wp-block-button\"><a class=\"wp-block-button__link wp-element-button\" href=\"https:\/\/moderaterna.se\/app\/uploads\/sites\/8\/2022\/08\/Valpogram-Hudiksvall-2022-2026.pdf\" target=\"_blank\" rel=\"noreferrer noopener\">Ladda ned<\/a><\/div>\n<\/div>\n<\/div><\/div>\n\n\n\n<h6 class=\"wp-block-heading\" id=\"h-presskontakt\">Presskontakt<\/h6>\n\n\n\n<p>Adam Rydstedt&nbsp;<br>Kommunalr\u00e5d&nbsp;<\/p>\n\n\n\n<p>0761168822\u00a0<br><a href=\"mailto:adam.rydstedt@moderterna.se\">adam.rydstedt@moderaterna.se<\/a><\/p>\n\n\n<!DOCTYPE html PUBLIC \"-\/\/W3C\/\/DTD HTML 4.0 Transitional\/\/EN\" \"http:\/\/www.w3.org\/TR\/REC-html40\/loose.dtd\">\n<?xml encoding=\"utf-8\" ?><html><body><div class=\"wp-block-file\"><a href=\"https:\/\/moderaterna.se\/app\/uploads\/sites\/8\/2022\/08\/Valpogram-Hudiksvall-2022-2026.pdf\">Valprogram 2022-2026<\/a><a href=\"https:\/\/moderaterna.se\/app\/uploads\/sites\/8\/2022\/08\/Valpogram-Hudiksvall-2022-2026.pdf\" class=\"wp-block-file__button\" download><span class=\"show-for-sr\">Ladda ner<\/span><svg xmlns=\"http:\/\/www.w3.org\/2000\/svg\" data-name=\"Icon metro-file-pdf\" width=\"26.442\" height=\"30.849\" viewBox=\"0 0 26.442 30.849\"><path data-name=\"Icon metro-file-pdf\" d=\"M25.271 6.542a4.006 4.006 0 0 1 .826 1.308 3.973 3.973 0 0 1 .344 1.515v19.832a1.646 1.646 0 0 1-1.653 1.653H1.652A1.646 1.646 0 0 1 0 29.197V1.653A1.646 1.646 0 0 1 1.652-.003h15.425a3.974 3.974 0 0 1 1.515.344 4.006 4.006 0 0 1 1.308.826zm-7.642-4.2v6.473h6.473a1.881 1.881 0 0 0-.379-.706L18.329 2.72a1.88 1.88 0 0 0-.706-.379zm6.61 26.3V11.018h-7.162a1.646 1.646 0 0 1-1.653-1.653V2.204H2.203v26.442h22.035zM15.39 18.437a13.1 13.1 0 0 0 1.446.964 17.082 17.082 0 0 1 2.014-.121q2.531 0 3.047.844a.832.832 0 0 1 .034.9.05.05 0 0 1-.017.034l-.034.034v.017q-.1.654-1.222.654a7.1 7.1 0 0 1-1.98-.344 12.552 12.552 0 0 1-2.238-.912 31 31 0 0 0-6.748 1.429q-2.634 4.51-4.166 4.51a1 1 0 0 1-.482-.121l-.415-.21q-.017-.017-.1-.086a.711.711 0 0 1-.1-.62 3.738 3.738 0 0 1 .964-1.575 8.319 8.319 0 0 1 2.272-1.661.251.251 0 0 1 .4.1.1.1 0 0 1 .034.069q.9-1.463 1.842-3.391a26.274 26.274 0 0 0 1.79-4.51 13.916 13.916 0 0 1-.525-2.746 6.693 6.693 0 0 1 .112-2.195q.189-.689.723-.689h.379a.726.726 0 0 1 .6.258 1.375 1.375 0 0 1 .155 1.171.373.373 0 0 1-.069.138.448.448 0 0 1 .017.138v.516a22.542 22.542 0 0 1-.241 3.305 8.709 8.709 0 0 0 2.513 4.1zm-9.916 7.075a7.6 7.6 0 0 0 2.355-2.715 9.813 9.813 0 0 0-1.5 1.442 5.722 5.722 0 0 0-.855 1.273zm6.855-15.837a5.119 5.119 0 0 0-.034 2.272q.017-.121.121-.757 0-.052.121-.74a.387.387 0 0 1 .069-.138.05.05 0 0 1-.017-.034.035.035 0 0 0-.009-.026.035.035 0 0 1-.009-.026.991.991 0 0 0-.224-.62.05.05 0 0 1-.017.034v.034zm-2.138 11.379a25.25 25.25 0 0 1 4.889-1.394 2.6 2.6 0 0 1-.224-.164 3.083 3.083 0 0 1-.275-.232 9.119 9.119 0 0 1-2.186-3.03 23 23 0 0 1-1.429 3.391q-.516.964-.775 1.429zm11.121-.275a4.12 4.12 0 0 0-2.41-.413 6.511 6.511 0 0 0 2.135.482 1.67 1.67 0 0 0 .31-.017q0-.017-.034-.052z\" fill=\"#213a8f\"><\/path><\/svg><\/a><\/div>\n<\/body><\/html>\n","protected":false},"featured_media":0,"template":"","class_list":["post-958","compound","type-compound","status-publish","hentry"],"acf":[],"_links":{"self":[{"href":"https:\/\/moderaterna.se\/gavleborg\/wp-json\/wp\/v2\/compound\/958","targetHints":{"allow":["GET"]}}],"collection":[{"href":"https:\/\/moderaterna.se\/gavleborg\/wp-json\/wp\/v2\/compound"}],"about":[{"href":"https:\/\/moderaterna.se\/gavleborg\/wp-json\/wp\/v2\/types\/compound"}],"wp:attachment":[{"href":"https:\/\/moderaterna.se\/gavleborg\/wp-json\/wp\/v2\/media?parent=958"}],"curies":[{"name":"wp","href":"https:\/\/api.w.org\/{rel}","templated":true}]}}

<p>Välkommen till Hudiksvallsmoderaterna. Här kan du läsa och ladda ned den kommunpolitiska handlingsprogram 2022-2026.</p>



<div class="wp-block-media-text alignwide is-stacked-on-mobile"><figure class="wp-block-media-text__media"><img loading="lazy" decoding="async" width="780" height="822" src="https://moderaterna.se/app/uploads/sites/8/2022/08/VAlman.png" alt="" class="wp-image-1696 size-full" srcset="https://moderaterna.se/app/uploads/sites/8/2022/08/VAlman.png 780w, https://moderaterna.se/app/uploads/sites/8/2022/08/VAlman-285x300.png 285w, https://moderaterna.se/app/uploads/sites/8/2022/08/VAlman-768x809.png 768w" sizes="auto, (max-width: 780px) 100vw, 780px" /></figure><div class="wp-block-media-text__content">
<p class="has-large-font-size"><strong>Valprogram 2022-2026</strong></p>



<p>Hudiksvalls kommun är inne i en positiv spiral. Där företagen går bra,<br>det byggs i hela kommunen och känslan om framtidstro gror. Vi vill<br>fortsätta den resan &#8211; med att skapa de allra bästa förutsättningarna för<br>våra företagare. Vilket kommer generera arbetstillfällen, skatteintäkter<br>och en ännu mer välmående kommun!</p>



<div class="wp-block-buttons is-layout-flex wp-block-buttons-is-layout-flex">
<div class="wp-block-button"><a class="wp-block-button__link wp-element-button" href="https://moderaterna.se/app/uploads/sites/8/2022/08/Valpogram-Hudiksvall-2022-2026.pdf" target="_blank" rel="noreferrer noopener">Ladda ned</a></div>
</div>
</div></div>



<h6 class="wp-block-heading" id="h-presskontakt">Presskontakt</h6>



<p>Adam Rydstedt&nbsp;<br>Kommunalråd&nbsp;</p>



<p>0761168822 <br><a href="mailto:adam.rydstedt@moderterna.se">adam.rydstedt@moderaterna.se</a></p>


<!DOCTYPE html PUBLIC "-//W3C//DTD HTML 4.0 Transitional//EN" "http://www.w3.org/TR/REC-html40/loose.dtd">
<?xml encoding="utf-8" ?><html><body><div class="wp-block-file"><a href="https://moderaterna.se/app/uploads/sites/8/2022/08/Valpogram-Hudiksvall-2022-2026.pdf">Valprogram 2022-2026</a><a href="https://moderaterna.se/app/uploads/sites/8/2022/08/Valpogram-Hudiksvall-2022-2026.pdf" class="wp-block-file__button" download><span class="show-for-sr">Ladda ner</span><svg xmlns="http://www.w3.org/2000/svg" data-name="Icon metro-file-pdf" width="26.442" height="30.849" viewBox="0 0 26.442 30.849"><path data-name="Icon metro-file-pdf" d="M25.271 6.542a4.006 4.006 0 0 1 .826 1.308 3.973 3.973 0 0 1 .344 1.515v19.832a1.646 1.646 0 0 1-1.653 1.653H1.652A1.646 1.646 0 0 1 0 29.197V1.653A1.646 1.646 0 0 1 1.652-.003h15.425a3.974 3.974 0 0 1 1.515.344 4.006 4.006 0 0 1 1.308.826zm-7.642-4.2v6.473h6.473a1.881 1.881 0 0 0-.379-.706L18.329 2.72a1.88 1.88 0 0 0-.706-.379zm6.61 26.3V11.018h-7.162a1.646 1.646 0 0 1-1.653-1.653V2.204H2.203v26.442h22.035zM15.39 18.437a13.1 13.1 0 0 0 1.446.964 17.082 17.082 0 0 1 2.014-.121q2.531 0 3.047.844a.832.832 0 0 1 .034.9.05.05 0 0 1-.017.034l-.034.034v.017q-.1.654-1.222.654a7.1 7.1 0 0 1-1.98-.344 12.552 12.552 0 0 1-2.238-.912 31 31 0 0 0-6.748 1.429q-2.634 4.51-4.166 4.51a1 1 0 0 1-.482-.121l-.415-.21q-.017-.017-.1-.086a.711.711 0 0 1-.1-.62 3.738 3.738 0 0 1 .964-1.575 8.319 8.319 0 0 1 2.272-1.661.251.251 0 0 1 .4.1.1.1 0 0 1 .034.069q.9-1.463 1.842-3.391a26.274 26.274 0 0 0 1.79-4.51 13.916 13.916 0 0 1-.525-2.746 6.693 6.693 0 0 1 .112-2.195q.189-.689.723-.689h.379a.726.726 0 0 1 .6.258 1.375 1.375 0 0 1 .155 1.171.373.373 0 0 1-.069.138.448.448 0 0 1 .017.138v.516a22.542 22.542 0 0 1-.241 3.305 8.709 8.709 0 0 0 2.513 4.1zm-9.916 7.075a7.6 7.6 0 0 0 2.355-2.715 9.813 9.813 0 0 0-1.5 1.442 5.722 5.722 0 0 0-.855 1.273zm6.855-15.837a5.119 5.119 0 0 0-.034 2.272q.017-.121.121-.757 0-.052.121-.74a.387.387 0 0 1 .069-.138.05.05 0 0 1-.017-.034.035.035 0 0 0-.009-.026.035.035 0 0 1-.009-.026.991.991 0 0 0-.224-.62.05.05 0 0 1-.017.034v.034zm-2.138 11.379a25.25 25.25 0 0 1 4.889-1.394 2.6 2.6 0 0 1-.224-.164 3.083 3.083 0 0 1-.275-.232 9.119 9.119 0 0 1-2.186-3.03 23 23 0 0 1-1.429 3.391q-.516.964-.775 1.429zm11.121-.275a4.12 4.12 0 0 0-2.41-.413 6.511 6.511 0 0 0 2.135.482 1.67 1.67 0 0 0 .31-.017q0-.017-.034-.052z" fill="#213a8f"></path></svg></a></div>
</body></html>
