{"id":955,"date":"2021-12-28T08:09:58","date_gmt":"2021-12-28T07:09:58","guid":{"rendered":"https:\/\/moderaterna.se\/gavleborg\/?post_type=compound&#038;p=955"},"modified":"2024-05-07T17:27:36","modified_gmt":"2024-05-07T15:27:36","slug":"gavlemoderaterna-se","status":"publish","type":"compound","link":"https:\/\/moderaterna.se\/gavleborg\/foreningar\/gavlemoderaterna-se\/","title":{"rendered":"G\u00e4vle"},"content":{"rendered":"\n<p><strong><strong>V\u00e4lkommen till G\u00e4vlef\u00f6reningen. H\u00e4r hittar du l\u00e4nk vidare till v\u00e5r egna hemsida.<\/strong><\/strong><\/p>\n\n\n\n<p><a href=\"http:\/\/g\u00e4vlemoderaterna.se\/\" target=\"_blank\" rel=\"noreferrer noopener\">http:\/\/gavlemoderaterna.se\/<\/a><\/p>\n\n\n\n<p id=\"x_h-william-elofsson-kommunalrad-william-elofsson-politiker-gavle-se\">gavle@moderaterna.se<\/p>\n\n\n\n<p id=\"x_h-william-elofsson-kommunalrad-william-elofsson-politiker-gavle-se\">Fler kontaktuppgifter hittar du p\u00e5 G\u00e4vlemoderaterna.se<\/p>\n","protected":false},"featured_media":0,"template":"","class_list":["post-955","compound","type-compound","status-publish","hentry"],"acf":[],"_links":{"self":[{"href":"https:\/\/moderaterna.se\/gavleborg\/wp-json\/wp\/v2\/compound\/955","targetHints":{"allow":["GET"]}}],"collection":[{"href":"https:\/\/moderaterna.se\/gavleborg\/wp-json\/wp\/v2\/compound"}],"about":[{"href":"https:\/\/moderaterna.se\/gavleborg\/wp-json\/wp\/v2\/types\/compound"}],"wp:attachment":[{"href":"https:\/\/moderaterna.se\/gavleborg\/wp-json\/wp\/v2\/media?parent=955"}],"curies":[{"name":"wp","href":"https:\/\/api.w.org\/{rel}","templated":true}]}}

Gävle

<p><strong><strong>Välkommen till Gävleföreningen. Här hittar du länk vidare till vår egna hemsida.</strong></strong></p>



<p><a href="http://gävlemoderaterna.se/" target="_blank" rel="noreferrer noopener">http://gavlemoderaterna.se/</a></p>



<p id="x_h-william-elofsson-kommunalrad-william-elofsson-politiker-gavle-se">gavle@moderaterna.se</p>



<p id="x_h-william-elofsson-kommunalrad-william-elofsson-politiker-gavle-se">Fler kontaktuppgifter hittar du på Gävlemoderaterna.se</p>
