{"id":27,"date":"2021-10-13T13:02:18","date_gmt":"2021-10-13T11:02:18","guid":{"rendered":"https:\/\/moderaterna.se\/?page_id=27"},"modified":"2022-01-03T15:26:35","modified_gmt":"2022-01-03T14:26:35","slug":"kontakta-oss","status":"publish","type":"page","link":"https:\/\/moderaterna.se\/foretagarradet\/kontakta-oss\/","title":{"rendered":"Kontakta oss"},"content":{"rendered":"\n<p><strong>Anna af Sill\u00e9n,<\/strong>&nbsp;ordf\u00f6rande<br>anna.afsillen@moderaterna.se<br>072-7330403<br>Ansvarsomr\u00e5de: S\u00f6dermanland, V\u00e4stmanland, \u00d6sterg\u00f6tland<\/p>\n\n\n\n<p><br><strong>Linda Frohm<\/strong><br>linda.frohm@norrbotten.se<br>070-336 97 96<br>Ansvarsomr\u00e5de: Norrbotten, V\u00e4sterbotten<\/p>\n\n\n\n<p><br><strong>B\u00f6rje H\u00e4ggman<\/strong><br>borje.haggman@gmail.com<br>072-7403586<br>Ansvarsomr\u00e5de: Stockholm, Uppsala, G\u00e4vleborg<\/p>\n\n\n\n<p><br><strong>David Josefsson&nbsp;&nbsp;&nbsp;&nbsp;&nbsp;&nbsp;&nbsp;&nbsp;&nbsp;&nbsp;&nbsp;&nbsp;&nbsp;&nbsp;&nbsp;&nbsp;<\/strong><br>david.josefsson@riksdagen.se<br>072-467 61 44<br>Ansvarsomr\u00e5de: V\u00e4stra G\u00f6taland, V\u00e4rmland, \u00d6rebro<br>&nbsp;<\/p>\n\n\n\n<p><strong>Anna J\u00e4hnke<\/strong><br>anna.jahnke@skane.se<br>073-2311293<br>Ansvarsomr\u00e5de: Sk\u00e5ne, Kronoberg<\/p>\n\n\n\n<p><br><strong>Mattias Karlsson<\/strong><br>mattias.j.karlsson@riksdagen.se<br>Ansvarsomr\u00e5de: J\u00e4mtland, Dalarna, V\u00e4sternorrland<\/p>\n\n\n\n<p><br><strong>Malin Sj\u00f6lander<\/strong><br>malin.sjolander@regionkalmar.se<br>0704-828220<br>Ansvarsomr\u00e5de: Gotland, Kalmar, Blekinge<br>&nbsp;<\/p>\n\n\n\n<p><strong>J\u00f6rgen Warborn<\/strong><br>jorgen.warborn@europaparl.europa.eu<br>0706-555559<br>Ansvarsomr\u00e5de: Halland, J\u00f6nk\u00f6ping, Europaparlamentet<\/p>\n\n\n\n<div style=\"height:45px\" aria-hidden=\"true\" class=\"wp-block-spacer\"><\/div>\n","protected":false},"excerpt":{"rendered":"<p>Anna af Sill\u00e9n,&nbsp;ordf\u00f6randeanna.afsillen@moderaterna.se072-7330403Ansvarsomr\u00e5de: S\u00f6dermanland, V\u00e4stmanland, \u00d6sterg\u00f6tland Linda Frohmlinda.frohm@norrbotten.se070-336 97 96Ansvarsomr\u00e5de: Norrbotten, V\u00e4sterbotten B\u00f6rje H\u00e4ggmanborje.haggman@gmail.com072-7403586Ansvarsomr\u00e5de: Stockholm, Uppsala, G\u00e4vleborg David Josefsson&nbsp;&nbsp;&nbsp;&nbsp;&nbsp;&nbsp;&nbsp;&nbsp;&nbsp;&nbsp;&nbsp;&nbsp;&nbsp;&nbsp;&nbsp;&nbsp;david.josefsson@riksdagen.se072-467 61 44Ansvarsomr\u00e5de: V\u00e4stra G\u00f6taland, V\u00e4rmland, \u00d6rebro&nbsp; Anna J\u00e4hnkeanna.jahnke@skane.se073-2311293Ansvarsomr\u00e5de: Sk\u00e5ne, Kronoberg Mattias Karlssonmattias.j.karlsson@riksdagen.seAnsvarsomr\u00e5de: J\u00e4mtland, Dalarna, V\u00e4sternorrland Malin Sj\u00f6landermalin.sjolander@regionkalmar.se0704-828220Ansvarsomr\u00e5de: Gotland, Kalmar, Blekinge&nbsp; J\u00f6rgen Warbornjorgen.warborn@europaparl.europa.eu0706-555559Ansvarsomr\u00e5de: Halland, J\u00f6nk\u00f6ping, Europaparlamentet<\/p>\n","protected":false},"author":9,"featured_media":0,"parent":0,"menu_order":5,"comment_status":"closed","ping_status":"closed","template":"","meta":{"_acf_changed":false,"_relevanssi_hide_post":"","_relevanssi_hide_content":"","_relevanssi_pin_for_all":"","_relevanssi_pin_keywords":"","_relevanssi_unpin_keywords":"","_relevanssi_related_keywords":"","_relevanssi_related_include_ids":"","_relevanssi_related_exclude_ids":"","_relevanssi_related_no_append":"","_relevanssi_related_not_related":"","_relevanssi_related_posts":"526","_relevanssi_noindex_reason":"","footnotes":""},"subject":[],"class_list":["post-27","page","type-page","status-publish","hentry"],"acf":[],"publishpress_future_action":{"enabled":false,"date":"2026-05-07 03:15:02","action":"change-status","newStatus":"draft","terms":[],"taxonomy":"subject"},"_links":{"self":[{"href":"https:\/\/moderaterna.se\/foretagarradet\/wp-json\/wp\/v2\/pages\/27","targetHints":{"allow":["GET"]}}],"collection":[{"href":"https:\/\/moderaterna.se\/foretagarradet\/wp-json\/wp\/v2\/pages"}],"about":[{"href":"https:\/\/moderaterna.se\/foretagarradet\/wp-json\/wp\/v2\/types\/page"}],"author":[{"embeddable":true,"href":"https:\/\/moderaterna.se\/foretagarradet\/wp-json\/wp\/v2\/users\/9"}],"replies":[{"embeddable":true,"href":"https:\/\/moderaterna.se\/foretagarradet\/wp-json\/wp\/v2\/comments?post=27"}],"version-history":[{"count":12,"href":"https:\/\/moderaterna.se\/foretagarradet\/wp-json\/wp\/v2\/pages\/27\/revisions"}],"predecessor-version":[{"id":848,"href":"https:\/\/moderaterna.se\/foretagarradet\/wp-json\/wp\/v2\/pages\/27\/revisions\/848"}],"wp:attachment":[{"href":"https:\/\/moderaterna.se\/foretagarradet\/wp-json\/wp\/v2\/media?parent=27"}],"wp:term":[{"taxonomy":"subject","embeddable":true,"href":"https:\/\/moderaterna.se\/foretagarradet\/wp-json\/wp\/v2\/subject?post=27"}],"curies":[{"name":"wp","href":"https:\/\/api.w.org\/{rel}","templated":true}]}}

<p><strong>Anna af Sillén,</strong>&nbsp;ordförande<br>anna.afsillen@moderaterna.se<br>072-7330403<br>Ansvarsområde: Södermanland, Västmanland, Östergötland</p>



<p><br><strong>Linda Frohm</strong><br>linda.frohm@norrbotten.se<br>070-336 97 96<br>Ansvarsområde: Norrbotten, Västerbotten</p>



<p><br><strong>Börje Häggman</strong><br>borje.haggman@gmail.com<br>072-7403586<br>Ansvarsområde: Stockholm, Uppsala, Gävleborg</p>



<p><br><strong>David Josefsson&nbsp;&nbsp;&nbsp;&nbsp;&nbsp;&nbsp;&nbsp;&nbsp;&nbsp;&nbsp;&nbsp;&nbsp;&nbsp;&nbsp;&nbsp;&nbsp;</strong><br>david.josefsson@riksdagen.se<br>072-467 61 44<br>Ansvarsområde: Västra Götaland, Värmland, Örebro<br>&nbsp;</p>



<p><strong>Anna Jähnke</strong><br>anna.jahnke@skane.se<br>073-2311293<br>Ansvarsområde: Skåne, Kronoberg</p>



<p><br><strong>Mattias Karlsson</strong><br>mattias.j.karlsson@riksdagen.se<br>Ansvarsområde: Jämtland, Dalarna, Västernorrland</p>



<p><br><strong>Malin Sjölander</strong><br>malin.sjolander@regionkalmar.se<br>0704-828220<br>Ansvarsområde: Gotland, Kalmar, Blekinge<br>&nbsp;</p>



<p><strong>Jörgen Warborn</strong><br>jorgen.warborn@europaparl.europa.eu<br>0706-555559<br>Ansvarsområde: Halland, Jönköping, Europaparlamentet</p>



<div style="height:45px" aria-hidden="true" class="wp-block-spacer"></div>

<p>Anna af Sillén,&nbsp;ordförandeanna.afsillen@moderaterna.se072-7330403Ansvarsområde: Södermanland, Västmanland, Östergötland Linda Frohmlinda.frohm@norrbotten.se070-336 97 96Ansvarsområde: Norrbotten, Västerbotten Börje Häggmanborje.haggman@gmail.com072-7403586Ansvarsområde: Stockholm, Uppsala, Gävleborg David Josefsson&nbsp;&nbsp;&nbsp;&nbsp;&nbsp;&nbsp;&nbsp;&nbsp;&nbsp;&nbsp;&nbsp;&nbsp;&nbsp;&nbsp;&nbsp;&nbsp;david.josefsson@riksdagen.se072-467 61 44Ansvarsområde: Västra Götaland, Värmland, Örebro&nbsp; Anna Jähnkeanna.jahnke@skane.se073-2311293Ansvarsområde: Skåne, Kronoberg Mattias Karlssonmattias.j.karlsson@riksdagen.seAnsvarsområde: Jämtland, Dalarna, Västernorrland Malin Sjölandermalin.sjolander@regionkalmar.se0704-828220Ansvarsområde: Gotland, Kalmar, Blekinge&nbsp; Jörgen Warbornjorgen.warborn@europaparl.europa.eu0706-555559Ansvarsområde: Halland, Jönköping, Europaparlamentet</p>
