{"id":841,"date":"2022-01-03T14:18:01","date_gmt":"2022-01-03T13:18:01","guid":{"rendered":"https:\/\/moderaterna.se\/dalarna\/?post_type=politiker&#038;p=841"},"modified":"2025-04-22T08:47:31","modified_gmt":"2025-04-22T06:47:31","slug":"malin-hoglund","status":"publish","type":"politiker","link":"https:\/\/moderaterna.se\/dalarna\/politiker\/malin-hoglund\/","title":{"rendered":"Malin H\u00f6glund"},"content":{"rendered":"\n<p>Ordf\u00f6rande i socialn\u00e4mnden och valledare i lokala f\u00f6reningen<\/p>\n\n\n\n<p>\u00d6vriga uppdrag som Malin H\u00f6glund har:<\/p>\n\n\n\n<p>Ordf\u00f6rande i socialn\u00e4mnden, ordf\u00f6rande i den gemensamma servicen\u00e4mnden f\u00f6r l\u00f6ner, ledamot i gemensam n\u00e4mnd f\u00f6r social myndighetsut\u00f6vning och uppdrag i prim\u00e4rv\u00e5rd och \u00e4ldreomsorgsberedningen i SKL.<\/p>\n","protected":false},"featured_media":1839,"template":"","role":[20,81],"secondary-role":[],"class_list":["post-841","politiker","type-politiker","status-publish","has-post-thumbnail","hentry"],"acf":[],"_links":{"self":[{"href":"https:\/\/moderaterna.se\/dalarna\/wp-json\/wp\/v2\/politiker\/841","targetHints":{"allow":["GET"]}}],"collection":[{"href":"https:\/\/moderaterna.se\/dalarna\/wp-json\/wp\/v2\/politiker"}],"about":[{"href":"https:\/\/moderaterna.se\/dalarna\/wp-json\/wp\/v2\/types\/politiker"}],"wp:featuredmedia":[{"embeddable":true,"href":"https:\/\/moderaterna.se\/dalarna\/wp-json\/wp\/v2\/media\/1839"}],"wp:attachment":[{"href":"https:\/\/moderaterna.se\/dalarna\/wp-json\/wp\/v2\/media?parent=841"}],"wp:term":[{"taxonomy":"role","embeddable":true,"href":"https:\/\/moderaterna.se\/dalarna\/wp-json\/wp\/v2\/role?post=841"},{"taxonomy":"secondary-role","embeddable":true,"href":"https:\/\/moderaterna.se\/dalarna\/wp-json\/wp\/v2\/secondary-role?post=841"}],"curies":[{"name":"wp","href":"https:\/\/api.w.org\/{rel}","templated":true}]}}

Malin Höglund

<p>Ordförande i socialnämnden och valledare i lokala föreningen</p>



<p>Övriga uppdrag som Malin Höglund har:</p>



<p>Ordförande i socialnämnden, ordförande i den gemensamma servicenämnden för löner, ledamot i gemensam nämnd för social myndighetsutövning och uppdrag i primärvård och äldreomsorgsberedningen i SKL.</p>
