{"id":635,"date":"2021-12-08T09:54:05","date_gmt":"2021-12-08T08:54:05","guid":{"rendered":"https:\/\/moderaterna.se\/blekinge\/?page_id=635"},"modified":"2024-06-19T16:13:23","modified_gmt":"2024-06-19T14:13:23","slug":"foreningar","status":"publish","type":"page","link":"https:\/\/moderaterna.se\/blekinge\/foreningar\/","title":{"rendered":"F\u00f6reningar"},"content":{"rendered":"<div id=\"listing-block_acf_block_6672e4b0235bd\" class=\"listing custom-block custom-block__full theme__background--blue\">\n    <div class=\"listing__content\">\n                    <h2 class=\"listing__content--title theme__color--dark-blue\">Vi finns verksamma i alla l\u00e4nets kommuner.<\/h2>\n                            <div class=\"listing__content--description theme__color--dark-blue\"><p>H\u00e4r kommer du vidare till respektive kommun. \u00c4r du intresserad av att f\u00e5 kontakt till just din f\u00f6rening kontakta partiombudsmannen Simon Borup Swalander 0733-268393.<\/p>\n<\/div>\n                <div class=\"listing__content--list\">\n                                <ul class=\"listing__content--list__standard\">\n                                                    <li>\n                                <a class=\"p--purple\" href=\"https:\/\/moderaterna.se\/blekinge\/foreningar\/karlshamn\/\">Karlshamn<\/a>\n                            <\/li>\n                                                    <li>\n                                <a class=\"p--purple\" href=\"https:\/\/moderaterna.se\/blekinge\/foreningar\/karlskrona\/\">Karlskrona<\/a>\n                            <\/li>\n                                                    <li>\n                                <a class=\"p--purple\" href=\"https:\/\/moderaterna.se\/blekinge\/foreningar\/solvesborg\/\">Lister-S\u00f6lvesborg<\/a>\n                            <\/li>\n                                                    <li>\n                                <a class=\"p--purple\" href=\"https:\/\/moderaterna.se\/blekinge\/foreningar\/olofstrom\/\">Olofstr\u00f6m<\/a>\n                            <\/li>\n                                                    <li>\n                                <a class=\"p--purple\" href=\"https:\/\/moderaterna.se\/blekinge\/foreningar\/regionen\/\">Regionen<\/a>\n                            <\/li>\n                                                    <li>\n                                <a class=\"p--purple\" href=\"https:\/\/moderaterna.se\/blekinge\/foreningar\/ronneby-sydostra\/\">Ronneby<\/a>\n                            <\/li>\n                                            <\/ul>\n                        <\/div>\n    <\/div>\n<\/div>\n","protected":false},"excerpt":{"rendered":"","protected":false},"author":9,"featured_media":0,"parent":0,"menu_order":0,"comment_status":"closed","ping_status":"closed","template":"","meta":{"_acf_changed":false,"_relevanssi_hide_post":"","_relevanssi_hide_content":"","_relevanssi_pin_for_all":"","_relevanssi_pin_keywords":"","_relevanssi_unpin_keywords":"","_relevanssi_related_keywords":"","_relevanssi_related_include_ids":"","_relevanssi_related_exclude_ids":"","_relevanssi_related_no_append":"","_relevanssi_related_not_related":"","_relevanssi_related_posts":"526","_relevanssi_noindex_reason":"","footnotes":""},"subject":[],"class_list":["post-635","page","type-page","status-publish","hentry"],"acf":[],"publishpress_future_action":{"enabled":false,"date":"2026-04-16 09:40:29","action":"change-status","newStatus":"draft","terms":[],"taxonomy":"subject"},"_links":{"self":[{"href":"https:\/\/moderaterna.se\/blekinge\/wp-json\/wp\/v2\/pages\/635","targetHints":{"allow":["GET"]}}],"collection":[{"href":"https:\/\/moderaterna.se\/blekinge\/wp-json\/wp\/v2\/pages"}],"about":[{"href":"https:\/\/moderaterna.se\/blekinge\/wp-json\/wp\/v2\/types\/page"}],"author":[{"embeddable":true,"href":"https:\/\/moderaterna.se\/blekinge\/wp-json\/wp\/v2\/users\/9"}],"replies":[{"embeddable":true,"href":"https:\/\/moderaterna.se\/blekinge\/wp-json\/wp\/v2\/comments?post=635"}],"version-history":[{"count":24,"href":"https:\/\/moderaterna.se\/blekinge\/wp-json\/wp\/v2\/pages\/635\/revisions"}],"predecessor-version":[{"id":1677,"href":"https:\/\/moderaterna.se\/blekinge\/wp-json\/wp\/v2\/pages\/635\/revisions\/1677"}],"wp:attachment":[{"href":"https:\/\/moderaterna.se\/blekinge\/wp-json\/wp\/v2\/media?parent=635"}],"wp:term":[{"taxonomy":"subject","embeddable":true,"href":"https:\/\/moderaterna.se\/blekinge\/wp-json\/wp\/v2\/subject?post=635"}],"curies":[{"name":"wp","href":"https:\/\/api.w.org\/{rel}","templated":true}]}}