{"id":632,"date":"2021-12-08T09:52:53","date_gmt":"2021-12-08T08:52:53","guid":{"rendered":"https:\/\/moderaterna.se\/blekinge\/?page_id=632"},"modified":"2026-04-16T11:56:19","modified_gmt":"2026-04-16T09:56:19","slug":"forbundsstyrelsen","status":"publish","type":"page","link":"https:\/\/moderaterna.se\/blekinge\/forbundsstyrelsen\/","title":{"rendered":"F\u00f6rbundsstyrelsen"},"content":{"rendered":"\n<p><strong>Ordf\u00f6rande<\/strong>&nbsp;Christel Hammar Malmgren, Moderata seniorer<\/p>\n\n\n\n<p><strong>1:a vice ordf\u00f6rande<\/strong>&nbsp;Lucas Amgren, Moderata Ungdomsf\u00f6rbundet<\/p>\n\n\n\n<p><strong>2:e vice ordf\u00f6rande&nbsp;<\/strong>Johan \u00c5kesson, Karlskrona<br><br><strong>Ledam\u00f6ter:<\/strong><\/p>\n\n\n\n<p>Andreas Green, Karlshamn<\/p>\n\n\n\n<p>Thomas Deutgen, Karlshamn<\/p>\n\n\n\n<p>Angelina Olin, Ronneby<\/p>\n\n\n\n<p>Anders Lund, Ronneby<\/p>\n\n\n\n<p>Niklas Joelsson, S\u00f6lvesborg&nbsp;<\/p>\n\n\n\n<p>Isac Johansson, Olofstr\u00f6m<\/p>\n\n\n\n<p>Patrik Krupa, Olofstr\u00f6m&nbsp;<\/p>\n\n\n\n<p>Hanna Ekblad, Karlskrona<\/p>\n\n\n\n<p>Lana Leuchuk, Moderatkvinnorna<\/p>\n\n\n\n<p>Magnus G\u00e4rdebring, \u00d6ppna Moderater <\/p>\n\n\n\n<p><strong>Adjungerade<\/strong><\/p>\n\n\n\n<p>Camilla Brunsberg, Riksdagsledamot<\/p>\n\n\n\n<p>Simon Swalander, Partiombudsman<\/p>\n\n\n\n<p>\u00c5sa Coenraads, Riksdagskandidat<\/p>\n","protected":false},"excerpt":{"rendered":"<p>Ordf\u00f6rande&nbsp;Christel Hammar Malmgren, Moderata seniorer 1:a vice ordf\u00f6rande&nbsp;Lucas Amgren, Moderata Ungdomsf\u00f6rbundet 2:e vice ordf\u00f6rande&nbsp;Johan \u00c5kesson, Karlskrona Ledam\u00f6ter: Andreas Green, Karlshamn Thomas Deutgen, Karlshamn Angelina Olin, Ronneby Anders Lund, Ronneby Niklas Joelsson, S\u00f6lvesborg&nbsp; Isac Johansson, Olofstr\u00f6m Patrik Krupa, Olofstr\u00f6m&nbsp; Hanna Ekblad, Karlskrona Lana Leuchuk, Moderatkvinnorna Magnus G\u00e4rdebring, \u00d6ppna Moderater Adjungerade Camilla Brunsberg, Riksdagsledamot Simon Swalander, Partiombudsman [&hellip;]<\/p>\n","protected":false},"author":9,"featured_media":0,"parent":0,"menu_order":0,"comment_status":"closed","ping_status":"closed","template":"","meta":{"_acf_changed":false,"_relevanssi_hide_post":"","_relevanssi_hide_content":"","_relevanssi_pin_for_all":"","_relevanssi_pin_keywords":"","_relevanssi_unpin_keywords":"","_relevanssi_related_keywords":"","_relevanssi_related_include_ids":"","_relevanssi_related_exclude_ids":"","_relevanssi_related_no_append":"","_relevanssi_related_not_related":"","_relevanssi_related_posts":"526","_relevanssi_noindex_reason":"","footnotes":""},"subject":[],"class_list":["post-632","page","type-page","status-publish","hentry"],"acf":[],"publishpress_future_action":{"enabled":false,"date":"2026-04-23 15:55:35","action":"change-status","newStatus":"draft","terms":[],"taxonomy":"subject"},"_links":{"self":[{"href":"https:\/\/moderaterna.se\/blekinge\/wp-json\/wp\/v2\/pages\/632","targetHints":{"allow":["GET"]}}],"collection":[{"href":"https:\/\/moderaterna.se\/blekinge\/wp-json\/wp\/v2\/pages"}],"about":[{"href":"https:\/\/moderaterna.se\/blekinge\/wp-json\/wp\/v2\/types\/page"}],"author":[{"embeddable":true,"href":"https:\/\/moderaterna.se\/blekinge\/wp-json\/wp\/v2\/users\/9"}],"replies":[{"embeddable":true,"href":"https:\/\/moderaterna.se\/blekinge\/wp-json\/wp\/v2\/comments?post=632"}],"version-history":[{"count":19,"href":"https:\/\/moderaterna.se\/blekinge\/wp-json\/wp\/v2\/pages\/632\/revisions"}],"predecessor-version":[{"id":1886,"href":"https:\/\/moderaterna.se\/blekinge\/wp-json\/wp\/v2\/pages\/632\/revisions\/1886"}],"wp:attachment":[{"href":"https:\/\/moderaterna.se\/blekinge\/wp-json\/wp\/v2\/media?parent=632"}],"wp:term":[{"taxonomy":"subject","embeddable":true,"href":"https:\/\/moderaterna.se\/blekinge\/wp-json\/wp\/v2\/subject?post=632"}],"curies":[{"name":"wp","href":"https:\/\/api.w.org\/{rel}","templated":true}]}}